CRAN Package Check Results for Package poweRlaw

Last updated on 2024-06-13 10:49:05 CEST.

Flavor Version Tinstall Tcheck Ttotal Status Flags
r-devel-linux-x86_64-debian-clang 0.80.0 8.52 157.43 165.95 OK
r-devel-linux-x86_64-debian-gcc 0.80.0 7.51 115.97 123.48 ERROR
r-devel-linux-x86_64-fedora-clang 0.80.0 208.54 OK
r-devel-linux-x86_64-fedora-gcc 0.80.0 212.20 OK
r-devel-windows-x86_64 0.80.0 10.00 219.00 229.00 OK
r-patched-linux-x86_64 0.80.0 8.94 152.53 161.47 OK
r-release-linux-x86_64 0.80.0 10.36 151.83 162.19 OK
r-release-macos-arm64 0.80.0 71.00 OK
r-release-macos-x86_64 0.80.0 100.00 WARN
r-release-windows-x86_64 0.80.0 9.00 223.00 232.00 OK
r-oldrel-macos-arm64 0.80.0 84.00 OK
r-oldrel-macos-x86_64 0.80.0 223.00 OK
r-oldrel-windows-x86_64 0.80.0 8.00 212.00 220.00 OK

Check Details

Version: 0.80.0
Check: package dependencies
Result: NOTE Package suggested but not available for checking: ‘testthat’ Flavor: r-devel-linux-x86_64-debian-gcc

Version: 0.80.0
Check: tests
Result: ERROR Running ‘testthat.R’ [0s/1s] Running the tests in ‘tests/testthat.R’ failed. Complete output: > library("testthat") Error in library("testthat") : there is no package called 'testthat' Execution halted Flavor: r-devel-linux-x86_64-debian-gcc

Version: 0.80.0
Check: re-building of vignette outputs
Result: WARN Error(s) in re-building vignettes: --- re-building ‘a_introduction.Rnw’ using knitr Error: processing vignette 'a_introduction.Rnw' failed with diagnostics: Running 'texi2dvi' on 'a_introduction.tex' failed. LaTeX errors: ! Undefined control sequence. l.104 \hlkwd{install.packages}\hldef {(}\hlsng{"poweRlaw"}\hldef{)} ? ! Emergency stop. ! Emergency stop. l.104 End of file on the terminal! ! ==> Fatal error occurred, no output PDF file produced! --- failed re-building ‘a_introduction.Rnw’ --- re-building ‘b_powerlaw_examples.Rnw’ using knitr Error: processing vignette 'b_powerlaw_examples.Rnw' failed with diagnostics: Running 'texi2dvi' on 'b_powerlaw_examples.tex' failed. LaTeX errors: ! Undefined control sequence. l.102 \hlkwd{library}\hldef {(}\hlsng{"poweRlaw"}\hldef{)} ? ! Emergency stop. ! Emergency stop. l.102 End of file on the terminal! ! ==> Fatal error occurred, no output PDF file produced! --- failed re-building ‘b_powerlaw_examples.Rnw’ --- re-building ‘c_comparing_distributions.Rnw’ using knitr Error: processing vignette 'c_comparing_distributions.Rnw' failed with diagnostics: Running 'texi2dvi' on 'c_comparing_distributions.tex' failed. LaTeX errors: ! Undefined control sequence. l.121 \hlkwd{library}\hldef {(}\hlsng{"poweRlaw"}\hldef{)} ? ! Emergency stop. ! Emergency stop. l.121 End of file on the terminal! ! ==> Fatal error occurred, no output PDF file produced! --- failed re-building ‘c_comparing_distributions.Rnw’ --- re-building ‘d_jss_paper.Rnw’ using Sweave --- finished re-building ‘d_jss_paper.Rnw’ SUMMARY: processing the following files failed: ‘a_introduction.Rnw’ ‘b_powerlaw_examples.Rnw’ ‘c_comparing_distributions.Rnw’ Error: Vignette re-building failed. Execution halted Flavor: r-release-macos-x86_64