CRAN Package Check Results for Package pould

Last updated on 2024-05-20 13:50:47 CEST.

Flavor Version Tinstall Tcheck Ttotal Status Flags
r-devel-linux-x86_64-debian-clang 1.0.1 15.58 130.92 146.50 NOTE
r-devel-linux-x86_64-debian-gcc 1.0.1 13.23 95.41 108.64 NOTE
r-devel-linux-x86_64-fedora-clang 1.0.1 175.45 NOTE
r-devel-linux-x86_64-fedora-gcc 1.0.1 180.29 NOTE
r-devel-windows-x86_64 1.0.1 14.00 108.00 122.00 NOTE
r-patched-linux-x86_64 1.0.1 13.63 122.87 136.50 NOTE
r-release-linux-x86_64 1.0.1 12.25 123.79 136.04 NOTE
r-release-macos-arm64 1.0.1 57.00 NOTE
r-release-windows-x86_64 1.0.1 14.00 108.00 122.00 NOTE
r-oldrel-macos-arm64 1.0.1 63.00 OK
r-oldrel-macos-x86_64 1.0.1 96.00 OK
r-oldrel-windows-x86_64 1.0.1 20.00 134.00 154.00 OK

Check Details

Version: 1.0.1
Check: Rd files
Result: NOTE checkRd: (-1) LD.heat.map.Rd:5: Lost braces; missing escapes or markup? 5 | \title{Generates heat-maps for four linkage disequilibrium (LD) values ({D'}, {Wn}, {WLoc1/Loc2} and {WLoc2/Loc1}) generated for all pairs of phased and unphased two-locus haplotypes by LDWrap().} | ^ checkRd: (-1) LD.heat.map.Rd:5: Lost braces; missing escapes or markup? 5 | \title{Generates heat-maps for four linkage disequilibrium (LD) values ({D'}, {Wn}, {WLoc1/Loc2} and {WLoc2/Loc1}) generated for all pairs of phased and unphased two-locus haplotypes by LDWrap().} | ^ checkRd: (-1) LD.heat.map.Rd:5: Lost braces; missing escapes or markup? 5 | \title{Generates heat-maps for four linkage disequilibrium (LD) values ({D'}, {Wn}, {WLoc1/Loc2} and {WLoc2/Loc1}) generated for all pairs of phased and unphased two-locus haplotypes by LDWrap().} | ^ checkRd: (-1) LD.heat.map.Rd:5: Lost braces; missing escapes or markup? 5 | \title{Generates heat-maps for four linkage disequilibrium (LD) values ({D'}, {Wn}, {WLoc1/Loc2} and {WLoc2/Loc1}) generated for all pairs of phased and unphased two-locus haplotypes by LDWrap().} | ^ checkRd: (-1) LD.sign.test.Rd:27: Lost braces; missing escapes or markup? 27 | Applies binom.test() to pairs of {D'}, {Wn}, {WLoc1/Loc2}, {WLoc2/Loc1} and number of haplotypes values in the *_LD_results.csv files generated by LDWrap(). | ^ checkRd: (-1) LD.sign.test.Rd:27: Lost braces; missing escapes or markup? 27 | Applies binom.test() to pairs of {D'}, {Wn}, {WLoc1/Loc2}, {WLoc2/Loc1} and number of haplotypes values in the *_LD_results.csv files generated by LDWrap(). | ^ checkRd: (-1) LD.sign.test.Rd:27: Lost braces; missing escapes or markup? 27 | Applies binom.test() to pairs of {D'}, {Wn}, {WLoc1/Loc2}, {WLoc2/Loc1} and number of haplotypes values in the *_LD_results.csv files generated by LDWrap(). | ^ checkRd: (-1) LD.sign.test.Rd:27: Lost braces; missing escapes or markup? 27 | Applies binom.test() to pairs of {D'}, {Wn}, {WLoc1/Loc2}, {WLoc2/Loc1} and number of haplotypes values in the *_LD_results.csv files generated by LDWrap(). | ^ checkRd: (-1) LD.sign.test.Rd:24: Lost braces; missing escapes or markup? 24 | A data frame of five columns ({D'}, {Wn}, {WLoc1/Loc2}, {WLoc2/Loc1} and N_Haplotypes) and four rows (#unphased > phased, #unphased = phased, #locus pairs and p-values). | ^ checkRd: (-1) LD.sign.test.Rd:24: Lost braces; missing escapes or markup? 24 | A data frame of five columns ({D'}, {Wn}, {WLoc1/Loc2}, {WLoc2/Loc1} and N_Haplotypes) and four rows (#unphased > phased, #unphased = phased, #locus pairs and p-values). | ^ checkRd: (-1) LD.sign.test.Rd:24: Lost braces; missing escapes or markup? 24 | A data frame of five columns ({D'}, {Wn}, {WLoc1/Loc2}, {WLoc2/Loc1} and N_Haplotypes) and four rows (#unphased > phased, #unphased = phased, #locus pairs and p-values). | ^ checkRd: (-1) LD.sign.test.Rd:24: Lost braces; missing escapes or markup? 24 | A data frame of five columns ({D'}, {Wn}, {WLoc1/Loc2}, {WLoc2/Loc1} and N_Haplotypes) and four rows (#unphased > phased, #unphased = phased, #locus pairs and p-values). | ^ checkRd: (-1) cALD.Rd:33: Lost braces; missing escapes or markup? 33 | A vector of {D'}, {Wn}, {WLocus2/Locus1}, {WLocus1/Locus2} values, and the number of haplotypes evaluated | ^ checkRd: (-1) cALD.Rd:33: Lost braces; missing escapes or markup? 33 | A vector of {D'}, {Wn}, {WLocus2/Locus1}, {WLocus1/Locus2} values, and the number of haplotypes evaluated | ^ checkRd: (-1) cALD.Rd:33: Lost braces; missing escapes or markup? 33 | A vector of {D'}, {Wn}, {WLocus2/Locus1}, {WLocus1/Locus2} values, and the number of haplotypes evaluated | ^ checkRd: (-1) cALD.Rd:33: Lost braces; missing escapes or markup? 33 | A vector of {D'}, {Wn}, {WLocus2/Locus1}, {WLocus1/Locus2} values, and the number of haplotypes evaluated | ^ Flavors: r-devel-linux-x86_64-debian-clang, r-devel-linux-x86_64-debian-gcc, r-devel-linux-x86_64-fedora-clang, r-devel-linux-x86_64-fedora-gcc, r-devel-windows-x86_64, r-patched-linux-x86_64, r-release-linux-x86_64, r-release-macos-arm64, r-release-windows-x86_64