CRAN Package Check Results for Package postlightmercury

Last updated on 2022-07-02 12:53:10 CEST.

Flavor Version Tinstall Tcheck Ttotal Status Flags
r-devel-linux-x86_64-debian-clang 1.2 2.14 22.39 24.53 NOTE
r-devel-linux-x86_64-debian-gcc 1.2 1.58 17.70 19.28 NOTE
r-devel-linux-x86_64-fedora-clang 1.2 40.77 NOTE
r-devel-linux-x86_64-fedora-gcc 1.2 40.08 NOTE
r-devel-windows-x86_64 1.2 19.00 47.00 66.00 NOTE
r-patched-linux-x86_64 1.2 1.89 22.26 24.15 NOTE
r-release-linux-x86_64 1.2 1.50 22.52 24.02 NOTE
r-release-macos-arm64 1.2 16.00 NOTE
r-release-macos-x86_64 1.2 20.00 NOTE
r-release-windows-x86_64 1.2 12.00 49.00 61.00 NOTE
r-oldrel-macos-arm64 1.2 20.00 NOTE
r-oldrel-macos-x86_64 1.2 25.00 NOTE
r-oldrel-windows-ix86+x86_64 1.2 5.00 42.00 47.00 NOTE

Check Details

Version: 1.2
Check: LazyData
Result: NOTE
     'LazyData' is specified without a 'data' directory
Flavors: r-devel-linux-x86_64-debian-clang, r-devel-linux-x86_64-debian-gcc, r-devel-linux-x86_64-fedora-clang, r-devel-linux-x86_64-fedora-gcc, r-devel-windows-x86_64, r-patched-linux-x86_64, r-release-linux-x86_64, r-release-macos-arm64, r-release-macos-x86_64, r-release-windows-x86_64, r-oldrel-macos-arm64, r-oldrel-macos-x86_64, r-oldrel-windows-ix86+x86_64