CRAN Package Check Results for Package postinfectious

Last updated on 2025-04-29 12:52:45 CEST.

Flavor Version Tinstall Tcheck Ttotal Status Flags
r-devel-linux-x86_64-debian-clang 0.1.0 1.50 24.22 25.72 NOTE
r-devel-linux-x86_64-debian-gcc 0.1.0 1.36 18.30 19.66 NOTE
r-devel-linux-x86_64-fedora-clang 0.1.0 40.82 OK
r-devel-linux-x86_64-fedora-gcc 0.1.0 38.30 OK
r-devel-windows-x86_64 0.1.0 2.00 47.00 49.00 OK
r-patched-linux-x86_64 0.1.0 1.77 22.79 24.56 OK
r-release-linux-x86_64 0.1.0 1.62 23.23 24.85 OK
r-release-macos-arm64 0.1.0 17.00 OK
r-release-macos-x86_64 0.1.0 27.00 OK
r-release-windows-x86_64 0.1.0 2.00 51.00 53.00 OK
r-oldrel-macos-arm64 0.1.0 17.00 NOTE
r-oldrel-macos-x86_64 0.1.0 24.00 NOTE
r-oldrel-windows-x86_64 0.1.0 2.00 46.00 48.00 NOTE

Check Details

Version: 0.1.0
Check: CRAN incoming feasibility
Result: NOTE Maintainer: ‘Char Leung <charleung@hotmail.fr>’ No Authors@R field in DESCRIPTION. Please add one, modifying Authors@R: person(given = "Char", family = "Leung", role = c("aut", "cre"), email = "charleung@hotmail.fr") as necessary. Flavors: r-devel-linux-x86_64-debian-clang, r-devel-linux-x86_64-debian-gcc

Version: 0.1.0
Check: examples
Result: NOTE Examples with CPU (user + system) or elapsed time > 5s user system elapsed pis.fit.boots 5.899 0.058 7.265 Flavor: r-devel-linux-x86_64-debian-clang

Version: 0.1.0
Check: LazyData
Result: NOTE 'LazyData' is specified without a 'data' directory Flavors: r-oldrel-macos-arm64, r-oldrel-macos-x86_64, r-oldrel-windows-x86_64