Last updated on 2022-07-04 12:54:17 CEST.
Flavor | Version | Tinstall | Tcheck | Ttotal | Status | Flags |
---|---|---|---|---|---|---|
r-devel-linux-x86_64-debian-clang | 0.5-2 | 10.07 | 99.49 | 109.56 | NOTE | |
r-devel-linux-x86_64-debian-gcc | 0.5-2 | 7.25 | 76.75 | 84.00 | NOTE | |
r-devel-linux-x86_64-fedora-clang | 0.5-2 | 143.36 | NOTE | |||
r-devel-linux-x86_64-fedora-gcc | 0.5-2 | 142.76 | NOTE | |||
r-devel-windows-x86_64 | 0.5-2 | 69.00 | 162.00 | 231.00 | NOTE | |
r-patched-linux-x86_64 | 0.5-2 | 9.67 | 94.70 | 104.37 | OK | |
r-release-linux-x86_64 | 0.5-2 | 7.85 | 94.78 | 102.63 | OK | |
r-release-macos-arm64 | 0.5-2 | 52.00 | OK | |||
r-release-macos-x86_64 | 0.5-2 | 71.00 | OK | |||
r-release-windows-x86_64 | 0.5-2 | 67.00 | 169.00 | 236.00 | OK | |
r-oldrel-macos-arm64 | 0.5-2 | 67.00 | OK | |||
r-oldrel-macos-x86_64 | 0.5-2 | 73.00 | OK | |||
r-oldrel-windows-ix86+x86_64 | 0.5-2 | 15.00 | 142.00 | 157.00 | OK |
Version: 0.5-2
Check: Rd files
Result: NOTE
checkRd: (-1) tradelist-class.Rd:91: Escaped LaTeX specials: \$
Flavors: r-devel-linux-x86_64-debian-clang, r-devel-linux-x86_64-debian-gcc, r-devel-linux-x86_64-fedora-clang, r-devel-linux-x86_64-fedora-gcc, r-devel-windows-x86_64