Last updated on 2024-04-23 10:54:12 CEST.
Flavor | Version | Tinstall | Tcheck | Ttotal | Status | Flags |
---|---|---|---|---|---|---|
r-devel-linux-x86_64-debian-clang | 0.5-2 | 7.99 | 102.73 | 110.72 | NOTE | |
r-devel-linux-x86_64-debian-gcc | 0.5-2 | 6.00 | 79.00 | 85.00 | NOTE | |
r-devel-linux-x86_64-fedora-clang | 0.5-2 | 141.61 | NOTE | |||
r-devel-linux-x86_64-fedora-gcc | 0.5-2 | 146.33 | NOTE | |||
r-prerel-macos-arm64 | 0.5-2 | 55.00 | NOTE | |||
r-prerel-windows-x86_64 | 0.5-2 | 8.00 | 131.00 | 139.00 | NOTE | |
r-patched-linux-x86_64 | 0.5-2 | 7.49 | 101.56 | 109.05 | NOTE | |
r-release-linux-x86_64 | 0.5-2 | 8.99 | 100.91 | 109.90 | NOTE | |
r-release-macos-arm64 | 0.5-2 | 60.00 | NOTE | |||
r-release-macos-x86_64 | 0.5-2 | 87.00 | NOTE | |||
r-release-windows-x86_64 | 0.5-2 | 10.00 | 131.00 | 141.00 | NOTE | |
r-oldrel-macos-arm64 | 0.5-2 | 52.00 | OK | |||
r-oldrel-windows-x86_64 | 0.5-2 | 10.00 | 145.00 | 155.00 | OK |
Version: 0.5-2
Check: Rd files
Result: NOTE
checkRd: (-1) tradelist-class.Rd:91: Escaped LaTeX specials: \$
Flavors: r-devel-linux-x86_64-debian-clang, r-devel-linux-x86_64-debian-gcc, r-devel-linux-x86_64-fedora-clang, r-devel-linux-x86_64-fedora-gcc, r-prerel-macos-arm64, r-prerel-windows-x86_64, r-patched-linux-x86_64, r-release-linux-x86_64, r-release-macos-arm64, r-release-macos-x86_64, r-release-windows-x86_64