Last updated on 2024-05-04 11:48:32 CEST.
Flavor | Version | Tinstall | Tcheck | Ttotal | Status | Flags |
---|---|---|---|---|---|---|
r-devel-linux-x86_64-debian-clang | 6.0 | 11.40 | 84.24 | 95.64 | OK | |
r-devel-linux-x86_64-debian-gcc | 6.0 | 7.80 | 60.89 | 68.69 | OK | |
r-devel-linux-x86_64-fedora-clang | 6.0 | 115.11 | NOTE | |||
r-devel-linux-x86_64-fedora-gcc | 6.0 | 109.04 | OK | |||
r-devel-windows-x86_64 | 6.0 | 10.00 | 80.00 | 90.00 | OK | |
r-patched-linux-x86_64 | 6.0 | 10.24 | 79.74 | 89.98 | OK | |
r-release-linux-x86_64 | 6.0 | 9.28 | 78.58 | 87.86 | OK | |
r-release-macos-arm64 | 6.0 | 33.00 | OK | |||
r-release-windows-x86_64 | 6.0 | 9.00 | 80.00 | 89.00 | OK | |
r-oldrel-macos-arm64 | 6.0 | 35.00 | OK | |||
r-oldrel-macos-x86_64 | 6.0 | 86.00 | OK | |||
r-oldrel-windows-x86_64 | 6.0 | 12.00 | 90.00 | 102.00 | OK |
Version: 6.0
Check: Rd cross-references
Result: NOTE
Undeclared packages ‘fracdiff’, ‘fGarch’, ‘tseries’ in Rd xrefs
Flavor: r-devel-linux-x86_64-fedora-clang