Last updated on 2024-04-18 12:52:55 CEST.
Flavor | Version | Tinstall | Tcheck | Ttotal | Status | Flags |
---|---|---|---|---|---|---|
r-devel-linux-x86_64-debian-clang | 1.3-1 | 15.17 | 166.90 | 182.07 | NOTE | |
r-devel-linux-x86_64-debian-gcc | 1.3-1 | 11.08 | 123.87 | 134.95 | NOTE | |
r-devel-linux-x86_64-fedora-clang | 1.3-1 | 229.24 | NOTE | |||
r-devel-linux-x86_64-fedora-gcc | 1.3-1 | 231.74 | NOTE | |||
r-prerel-macos-arm64 | 1.3-1 | 54.00 | NOTE | |||
r-prerel-windows-x86_64 | 1.3-1 | 14.00 | 116.00 | 130.00 | NOTE | |
r-patched-linux-x86_64 | 1.3-1 | 14.74 | 157.90 | 172.64 | NOTE | |
r-release-linux-x86_64 | 1.3-1 | 12.47 | 159.23 | 171.70 | OK | |
r-release-macos-arm64 | 1.3-1 | 54.00 | NOTE | |||
r-release-macos-x86_64 | 1.3-1 | 90.00 | NOTE | |||
r-release-windows-x86_64 | 1.3-1 | 16.00 | 141.00 | 157.00 | NOTE | |
r-oldrel-macos-arm64 | 1.3-1 | 52.00 | NOTE | |||
r-oldrel-windows-x86_64 | 1.3-1 | 19.00 | 137.00 | 156.00 | NOTE |
Version: 1.3-1
Check: Rd files
Result: NOTE
checkRd: (-1) plot.tfam.Rd:17: Lost braces
17 | objects created using code{tfam_inertia}.}
| ^
checkRd: (-1) popdemo-package.Rd:32: Lost braces
32 | code{\link{inertia}} measures asymptotic population density relative to stable
| ^
checkRd: (-1) tfa_inertia.Rd:33: Lost braces
33 | item{inertia}{inertias of perturbed matrices}
| ^
checkRd: (-1) tfa_inertia.Rd:33: Lost braces
33 | item{inertia}{inertias of perturbed matrices}
| ^
Flavors: r-devel-linux-x86_64-debian-clang, r-devel-linux-x86_64-debian-gcc, r-devel-linux-x86_64-fedora-clang, r-devel-linux-x86_64-fedora-gcc, r-prerel-macos-arm64, r-prerel-windows-x86_64, r-patched-linux-x86_64
Version: 1.3-1
Check: installed package size
Result: NOTE
installed size is 5.4Mb
sub-directories of 1Mb or more:
doc 4.9Mb
Flavors: r-devel-linux-x86_64-fedora-clang, r-prerel-macos-arm64, r-prerel-windows-x86_64, r-release-macos-arm64, r-release-macos-x86_64, r-release-windows-x86_64, r-oldrel-macos-arm64, r-oldrel-windows-x86_64