CRAN Package Check Results for Package pop

Last updated on 2022-07-06 12:53:42 CEST.

Flavor Version Tinstall Tcheck Ttotal Status Flags
r-devel-linux-x86_64-debian-clang 0.1 3.38 48.34 51.72 NOTE
r-devel-linux-x86_64-debian-gcc 0.1 2.73 36.05 38.78 NOTE
r-devel-linux-x86_64-fedora-clang 0.1 70.52 NOTE
r-devel-linux-x86_64-fedora-gcc 0.1 71.72 NOTE
r-devel-windows-x86_64 0.1 20.00 81.00 101.00 NOTE
r-patched-linux-x86_64 0.1 2.67 46.39 49.06 NOTE
r-release-linux-x86_64 0.1 3.03 45.10 48.13 NOTE
r-release-macos-arm64 0.1 21.00 NOTE
r-release-macos-x86_64 0.1 45.00 NOTE
r-release-windows-x86_64 0.1 16.00 71.00 87.00 NOTE
r-oldrel-macos-arm64 0.1 31.00 NOTE
r-oldrel-macos-x86_64 0.1 38.00 NOTE
r-oldrel-windows-ix86+x86_64 0.1 7.00 68.00 75.00 NOTE

Check Details

Version: 0.1
Check: LazyData
Result: NOTE
     'LazyData' is specified without a 'data' directory
Flavors: r-devel-linux-x86_64-debian-clang, r-devel-linux-x86_64-debian-gcc, r-devel-linux-x86_64-fedora-clang, r-devel-linux-x86_64-fedora-gcc, r-devel-windows-x86_64, r-patched-linux-x86_64, r-release-linux-x86_64, r-release-macos-arm64, r-release-macos-x86_64, r-release-windows-x86_64, r-oldrel-macos-arm64, r-oldrel-macos-x86_64, r-oldrel-windows-ix86+x86_64