Last updated on 2023-01-27 11:49:35 CET.
Flavor | Version | Tinstall | Tcheck | Ttotal | Status | Flags |
---|---|---|---|---|---|---|
r-devel-linux-x86_64-debian-clang | 1.0.0 | 11.67 | 104.17 | 115.84 | NOTE | |
r-devel-linux-x86_64-debian-gcc | 1.0.0 | 9.47 | 78.12 | 87.59 | NOTE | |
r-devel-linux-x86_64-fedora-clang | 1.0.0 | 143.21 | NOTE | |||
r-devel-linux-x86_64-fedora-gcc | 1.0.0 | 139.84 | NOTE | |||
r-patched-linux-x86_64 | 1.0.0 | 10.88 | 100.38 | 111.26 | NOTE | |
r-release-linux-x86_64 | 1.0.0 | 9.79 | 102.40 | 112.19 | NOTE | |
r-release-macos-arm64 | 1.0.0 | 6.00 | ERROR | |||
r-release-macos-x86_64 | 1.0.0 | 75.00 | NOTE | |||
r-release-windows-x86_64 | 1.0.0 | 17.00 | 127.00 | 144.00 | NOTE | |
r-oldrel-macos-arm64 | 1.0.0 | 10.00 | ERROR | |||
r-oldrel-macos-x86_64 | 1.0.0 | 62.00 | NOTE | |||
r-oldrel-windows-ix86+x86_64 | 1.0.0 | 30.00 | 129.00 | 159.00 | NOTE |
Version: 1.0.0
Check: LazyData
Result: NOTE
'LazyData' is specified without a 'data' directory
Flavors: r-devel-linux-x86_64-debian-clang, r-devel-linux-x86_64-debian-gcc, r-devel-linux-x86_64-fedora-clang, r-devel-linux-x86_64-fedora-gcc, r-patched-linux-x86_64, r-release-linux-x86_64, r-release-macos-x86_64, r-release-windows-x86_64, r-oldrel-macos-x86_64, r-oldrel-windows-ix86+x86_64
Version: 1.0.0
Check: package dependencies
Result: ERROR
Package required but not available: ‘EmpiricalBrownsMethod’
See section ‘The DESCRIPTION file’ in the ‘Writing R Extensions’
manual.
Flavors: r-release-macos-arm64, r-oldrel-macos-arm64