Last updated on 2024-04-19 11:56:56 CEST.
Flavor | Version | Tinstall | Tcheck | Ttotal | Status | Flags |
---|---|---|---|---|---|---|
r-devel-linux-x86_64-debian-clang | 0.2.0 | 20.14 | 31.90 | 52.04 | NOTE | |
r-devel-linux-x86_64-debian-gcc | 0.2.0 | NOTE | ||||
r-devel-linux-x86_64-fedora-clang | 0.2.0 | 72.73 | NOTE | |||
r-devel-linux-x86_64-fedora-gcc | 0.2.0 | 67.43 | NOTE | |||
r-prerel-macos-arm64 | 0.2.0 | 21.00 | NOTE | |||
r-prerel-windows-x86_64 | 0.2.0 | 18.00 | 62.00 | 80.00 | NOTE | |
r-patched-linux-x86_64 | 0.2.0 | 16.61 | 30.57 | 47.18 | NOTE | |
r-release-linux-x86_64 | 0.2.0 | 19.22 | 30.72 | 49.94 | NOTE | |
r-release-macos-arm64 | 0.2.0 | 25.00 | NOTE | |||
r-release-macos-x86_64 | 0.2.0 | 34.00 | NOTE | |||
r-release-windows-x86_64 | 0.2.0 | 20.00 | 70.00 | 90.00 | NOTE | |
r-oldrel-macos-arm64 | 0.2.0 | 24.00 | NOTE | |||
r-oldrel-windows-x86_64 | 0.2.0 | 21.00 | 70.00 | 91.00 | NOTE |
Version: 0.2.0
Check: C++ specification
Result: NOTE
Specified C++11: please drop specification unless essential
Flavors: r-devel-linux-x86_64-debian-clang, r-devel-linux-x86_64-debian-gcc, r-devel-linux-x86_64-fedora-clang, r-devel-linux-x86_64-fedora-gcc, r-prerel-macos-arm64, r-prerel-windows-x86_64, r-patched-linux-x86_64, r-release-linux-x86_64, r-release-macos-arm64, r-release-macos-x86_64, r-release-windows-x86_64
Version: 0.2.0
Check: LazyData
Result: NOTE
'LazyData' is specified without a 'data' directory
Flavors: r-devel-linux-x86_64-debian-clang, r-devel-linux-x86_64-debian-gcc, r-devel-linux-x86_64-fedora-clang, r-devel-linux-x86_64-fedora-gcc, r-prerel-macos-arm64, r-prerel-windows-x86_64, r-patched-linux-x86_64, r-release-linux-x86_64, r-release-macos-arm64, r-release-macos-x86_64, r-release-windows-x86_64, r-oldrel-macos-arm64, r-oldrel-windows-x86_64