CRAN Package Check Results for Package polySegratioMM

Last updated on 2022-07-06 12:53:42 CEST.

Flavor Version Tinstall Tcheck Ttotal Status Flags
r-devel-linux-x86_64-debian-clang 0.6-4 2.93 46.86 49.79 NOTE
r-devel-linux-x86_64-debian-gcc 0.6-4 3.43 36.44 39.87 NOTE
r-devel-linux-x86_64-fedora-clang 0.6-4 73.38 WARN
r-devel-linux-x86_64-fedora-gcc 0.6-4 72.33 WARN
r-devel-windows-x86_64 0.6-4 40.00 100.00 140.00 OK
r-patched-linux-x86_64 0.6-4 3.71 44.74 48.45 NOTE
r-release-linux-x86_64 0.6-4 4.22 44.95 49.17 NOTE
r-release-macos-arm64 0.6-4 26.00 OK
r-release-macos-x86_64 0.6-4 37.00 OK
r-release-windows-x86_64 0.6-4 78.00 102.00 180.00 OK
r-oldrel-macos-arm64 0.6-4 34.00 OK
r-oldrel-macos-x86_64 0.6-4 45.00 OK
r-oldrel-windows-ix86+x86_64 0.6-4 10.00 66.00 76.00 OK

Check Details

Version: 0.6-4
Check: for non-standard things in the check directory
Result: NOTE
    Found the following files/directories:
     'test-data.R' 'test-inits.R' 'test.bug' 'test.cmd'
Flavors: r-devel-linux-x86_64-debian-clang, r-devel-linux-x86_64-debian-gcc, r-devel-linux-x86_64-fedora-clang, r-devel-linux-x86_64-fedora-gcc, r-patched-linux-x86_64, r-release-linux-x86_64

Version: 0.6-4
Check: package dependencies
Result: WARN
    Requires orphaned package: ‘gtools’
Flavors: r-devel-linux-x86_64-fedora-clang, r-devel-linux-x86_64-fedora-gcc

Version: 0.6-4
Check: Rd cross-references
Result: NOTE
    Undeclared package ‘Rcmdr’ in Rd xrefs
Flavor: r-devel-linux-x86_64-fedora-clang