CRAN Package Check Results for Package polyRAD

Last updated on 2022-06-29 11:52:17 CEST.

Flavor Version Tinstall Tcheck Ttotal Status Flags
r-devel-linux-x86_64-debian-clang 1.6 86.47 146.88 233.35 OK
r-devel-linux-x86_64-debian-gcc 1.6 74.91 110.17 185.08 OK
r-devel-linux-x86_64-fedora-clang 1.6 322.55 NOTE
r-devel-linux-x86_64-fedora-gcc 1.6 324.36 OK
r-devel-windows-x86_64 1.6 120.00 201.00 321.00 NOTE
r-patched-linux-x86_64 1.6 77.43 138.98 216.41 OK
r-release-linux-x86_64 1.6 76.16 137.55 213.71 OK
r-release-macos-arm64 1.6 77.00 NOTE
r-release-macos-x86_64 1.6 111.00 NOTE
r-release-windows-x86_64 1.6 114.00 204.00 318.00 NOTE
r-oldrel-macos-arm64 1.6 68.00 NOTE
r-oldrel-macos-x86_64 1.6 103.00 NOTE
r-oldrel-windows-ix86+x86_64 1.6 208.00 221.00 429.00 NOTE

Check Details

Version: 1.6
Check: installed package size
Result: NOTE
     installed size is 6.8Mb
     sub-directories of 1Mb or more:
     extdata 2.8Mb
     libs 2.6Mb
Flavors: r-devel-linux-x86_64-fedora-clang, r-devel-windows-x86_64, r-release-macos-arm64, r-release-macos-x86_64, r-release-windows-x86_64, r-oldrel-macos-arm64, r-oldrel-macos-x86_64, r-oldrel-windows-ix86+x86_64

Version: 1.6
Check: Rd cross-references
Result: NOTE
    Undeclared packages ‘polymapR’, ‘BSgenome’ in Rd xrefs
Flavor: r-devel-linux-x86_64-fedora-clang

Version: 1.6
Check: package dependencies
Result: NOTE
    Packages suggested but not available for checking:
     'VariantAnnotation', 'GenomicFeatures'
Flavor: r-release-macos-arm64

Version: 1.6
Check: Rd cross-references
Result: NOTE
    Packages unavailable to check Rd xrefs: ‘BSgenome’, ‘GenomicFeatures’, ‘VariantAnnotation’
Flavor: r-release-macos-arm64