Last updated on 2024-03-28 09:51:52 CET.
Flavor | Version | Tinstall | Tcheck | Ttotal | Status | Flags |
---|---|---|---|---|---|---|
r-devel-linux-x86_64-debian-clang | 0.8.9 | 32.65 | 298.56 | 331.21 | OK | |
r-devel-linux-x86_64-debian-gcc | 0.8.9 | 24.80 | 226.80 | 251.60 | OK | |
r-devel-linux-x86_64-fedora-clang | 0.8.9 | 441.37 | OK | |||
r-devel-linux-x86_64-fedora-gcc | 0.8.9 | 405.20 | OK | |||
r-devel-windows-x86_64 | 0.8.9 | 24.00 | 242.00 | 266.00 | OK | |
r-patched-linux-x86_64 | 0.8.9 | 31.76 | 292.41 | 324.17 | OK | |
r-release-linux-x86_64 | 0.8.9 | 17.64 | 300.78 | 318.42 | OK | |
r-release-macos-arm64 | 0.8.9 | 195.00 | NOTE | |||
r-release-macos-x86_64 | 0.8.9 | 266.00 | NOTE | |||
r-release-windows-x86_64 | 0.8.9 | 35.00 | 318.00 | 353.00 | OK | |
r-oldrel-macos-arm64 | 0.8.9 | 112.00 | NOTE | |||
r-oldrel-windows-x86_64 | 0.8.9 | 33.00 | 295.00 | 328.00 | OK |
Version: 0.8.9
Check: installed package size
Result: NOTE
installed size is 5.2Mb
sub-directories of 1Mb or more:
R 2.0Mb
extdata 1.9Mb
Flavors: r-release-macos-arm64, r-release-macos-x86_64, r-oldrel-macos-arm64