CRAN Package Check Results for Package politicsR

Last updated on 2024-04-21 12:54:07 CEST.

Flavor Version Tinstall Tcheck Ttotal Status Flags
r-devel-linux-x86_64-debian-clang 0.1.0 2.01 24.52 26.53 OK
r-devel-linux-x86_64-debian-gcc 0.1.0 2.04 18.84 20.88 OK
r-devel-linux-x86_64-fedora-clang 0.1.0 34.01 NOTE
r-devel-linux-x86_64-fedora-gcc 0.1.0 32.44 NOTE
r-prerel-macos-arm64 0.1.0 16.00 OK
r-prerel-windows-x86_64 0.1.0 3.00 44.00 47.00 OK
r-patched-linux-x86_64 0.1.0 2.98 23.86 26.84 OK
r-release-linux-x86_64 0.1.0 2.66 23.24 25.90 OK
r-release-macos-arm64 0.1.0 16.00 OK
r-release-macos-x86_64 0.1.0 21.00 OK
r-release-windows-x86_64 0.1.0 4.00 44.00 48.00 OK
r-oldrel-macos-arm64 0.1.0 16.00 OK
r-oldrel-windows-x86_64 0.1.0 25.00 77.00 102.00 OK

Check Details

Version: 0.1.0
Check: data for non-ASCII characters
Result: NOTE Note: found 805 marked Latin-1 strings Note: found 12681 marked UTF-8 strings Flavors: r-devel-linux-x86_64-fedora-clang, r-devel-linux-x86_64-fedora-gcc