Last updated on 2022-06-25 10:53:10 CEST.
Flavor | Version | Tinstall | Tcheck | Ttotal | Status | Flags |
---|---|---|---|---|---|---|
r-devel-linux-x86_64-debian-clang | 0.8.6 | 11.72 | 137.43 | 149.15 | OK | |
r-devel-linux-x86_64-debian-gcc | 0.8.6 | 10.13 | 101.32 | 111.45 | OK | |
r-devel-linux-x86_64-fedora-clang | 0.8.6 | 183.81 | NOTE | |||
r-devel-linux-x86_64-fedora-gcc | 0.8.6 | 183.65 | NOTE | |||
r-devel-windows-x86_64 | 0.8.6 | 36.00 | 158.00 | 194.00 | OK | |
r-patched-linux-x86_64 | 0.8.6 | 14.89 | 130.43 | 145.32 | OK | |
r-release-linux-x86_64 | 0.8.6 | 10.06 | 131.42 | 141.48 | OK | |
r-release-macos-arm64 | 0.8.6 | 52.00 | NOTE | |||
r-release-macos-x86_64 | 0.8.6 | 99.00 | NOTE | |||
r-release-windows-x86_64 | 0.8.6 | 36.00 | 165.00 | 201.00 | OK | |
r-oldrel-macos-arm64 | 0.8.6 | 58.00 | NOTE | |||
r-oldrel-macos-x86_64 | 0.8.6 | 69.00 | NOTE | |||
r-oldrel-windows-ix86+x86_64 | 0.8.6 | 25.00 | 155.00 | 180.00 | OK |
Version: 0.8.6
Check: data for non-ASCII characters
Result: NOTE
Note: found 52 marked UTF-8 strings
Flavors: r-devel-linux-x86_64-fedora-clang, r-devel-linux-x86_64-fedora-gcc, r-release-macos-arm64, r-release-macos-x86_64, r-oldrel-macos-arm64, r-oldrel-macos-x86_64