Last updated on 2024-04-26 12:54:45 CEST.
Flavor | Version | Tinstall | Tcheck | Ttotal | Status | Flags |
---|---|---|---|---|---|---|
r-devel-linux-x86_64-debian-clang | 0.1.2 | 18.15 | 98.90 | 117.05 | OK | |
r-devel-linux-x86_64-debian-gcc | 0.1.2 | 13.34 | 70.36 | 83.70 | OK | |
r-devel-linux-x86_64-fedora-clang | 0.1.2 | 143.92 | NOTE | |||
r-devel-linux-x86_64-fedora-gcc | 0.1.2 | 144.55 | OK | |||
r-devel-windows-x86_64 | 0.1.2 | 15.00 | 90.00 | 105.00 | OK | |
r-patched-linux-x86_64 | 0.1.2 | 12.47 | 91.99 | 104.46 | OK | |
r-release-linux-x86_64 | 0.1.2 | 9.73 | 91.34 | 101.07 | OK | |
r-release-macos-arm64 | 0.1.2 | 49.00 | OK | |||
r-release-macos-x86_64 | 0.1.2 | 111.00 | OK | |||
r-release-windows-x86_64 | 0.1.2 | 15.00 | 88.00 | 103.00 | OK | |
r-oldrel-macos-arm64 | 0.1.2 | 52.00 | OK | |||
r-oldrel-macos-x86_64 | 0.1.2 | 98.00 | OK | |||
r-oldrel-windows-x86_64 | 0.1.2 | 21.00 | 102.00 | 123.00 | OK |
Version: 0.1.2
Check: package dependencies
Result: NOTE
Imports includes 21 non-default packages.
Importing from so many packages makes the package vulnerable to any of
them becoming unavailable. Move as many as possible to Suggests and
use conditionally.
Flavor: r-devel-linux-x86_64-fedora-clang