CRAN Package Check Results for Package pmxcode

Last updated on 2024-02-29 13:54:44 CET.

Flavor Version Tinstall Tcheck Ttotal Status Flags
r-devel-linux-x86_64-debian-clang 0.1.2 12.32 93.92 106.24 OK
r-devel-linux-x86_64-debian-gcc 0.1.2 9.66 70.36 80.02 OK
r-devel-linux-x86_64-fedora-clang 0.1.2 139.41 NOTE
r-devel-linux-x86_64-fedora-gcc 0.1.2 153.58 OK
r-devel-windows-x86_64 0.1.2 16.00 88.00 104.00 OK
r-patched-linux-x86_64 0.1.2 16.90 92.63 109.53 OK
r-release-linux-x86_64 0.1.2 10.24 91.14 101.38 OK
r-release-macos-arm64 0.1.2 52.00 OK
r-release-macos-x86_64 0.1.2 98.00 OK
r-release-windows-x86_64 0.1.2 19.00 101.00 120.00 OK
r-oldrel-macos-arm64 0.1.2 46.00 OK
r-oldrel-windows-x86_64 0.1.2 21.00 104.00 125.00 OK

Check Details

Version: 0.1.2
Check: package dependencies
Result: NOTE Imports includes 21 non-default packages. Importing from so many packages makes the package vulnerable to any of them becoming unavailable. Move as many as possible to Suggests and use conditionally. Flavor: r-devel-linux-x86_64-fedora-clang