Last updated on 2023-12-04 13:50:59 CET.
Flavor | Version | Tinstall | Tcheck | Ttotal | Status | Flags |
---|---|---|---|---|---|---|
r-devel-linux-x86_64-debian-clang | 1.0.0 | 2.03 | 72.32 | 74.35 | NOTE | |
r-devel-linux-x86_64-debian-gcc | 1.0.0 | 1.82 | 54.88 | 56.70 | NOTE | |
r-devel-linux-x86_64-fedora-clang | 1.0.0 | 91.63 | NOTE | |||
r-devel-linux-x86_64-fedora-gcc | 1.0.0 | 100.75 | NOTE | |||
r-devel-windows-x86_64 | 1.0.0 | 2.00 | 84.00 | 86.00 | NOTE | |
r-patched-linux-x86_64 | 1.0.0 | 1.98 | 71.06 | 73.04 | NOTE | |
r-release-linux-x86_64 | 1.0.0 | 1.79 | 71.27 | 73.06 | NOTE | |
r-release-macos-arm64 | 1.0.0 | 33.00 | NOTE | |||
r-release-macos-x86_64 | 1.0.0 | 60.00 | NOTE | |||
r-release-windows-x86_64 | 1.0.0 | 3.00 | 94.00 | 97.00 | NOTE | |
r-oldrel-macos-arm64 | 1.0.0 | 33.00 | NOTE | |||
r-oldrel-macos-x86_64 | 1.0.0 | 41.00 | NOTE | |||
r-oldrel-windows-x86_64 | 1.0.0 | 4.00 | 96.00 | 100.00 | NOTE |
Version: 1.0.0
Check: LazyData
Result: NOTE
'LazyData' is specified without a 'data' directory
Flavors: r-devel-linux-x86_64-debian-clang, r-devel-linux-x86_64-debian-gcc, r-devel-linux-x86_64-fedora-clang, r-devel-linux-x86_64-fedora-gcc, r-devel-windows-x86_64, r-patched-linux-x86_64, r-release-linux-x86_64, r-release-macos-arm64, r-release-macos-x86_64, r-release-windows-x86_64, r-oldrel-macos-arm64, r-oldrel-macos-x86_64, r-oldrel-windows-x86_64