Last updated on 2024-04-18 12:52:55 CEST.
Flavor | Version | Tinstall | Tcheck | Ttotal | Status | Flags |
---|---|---|---|---|---|---|
r-devel-linux-x86_64-debian-clang | 1.0.0 | 2.04 | 77.95 | 79.99 | NOTE | |
r-devel-linux-x86_64-debian-gcc | 1.0.0 | 1.56 | 53.97 | 55.53 | NOTE | |
r-devel-linux-x86_64-fedora-clang | 1.0.0 | 95.44 | NOTE | |||
r-devel-linux-x86_64-fedora-gcc | 1.0.0 | 102.74 | NOTE | |||
r-prerel-macos-arm64 | 1.0.0 | 45.00 | NOTE | |||
r-prerel-windows-x86_64 | 1.0.0 | 4.00 | 84.00 | 88.00 | NOTE | |
r-patched-linux-x86_64 | 1.0.0 | 2.30 | 71.66 | 73.96 | NOTE | |
r-release-linux-x86_64 | 1.0.0 | 2.18 | 69.92 | 72.10 | NOTE | |
r-release-macos-arm64 | 1.0.0 | 33.00 | NOTE | |||
r-release-macos-x86_64 | 1.0.0 | 60.00 | NOTE | |||
r-release-windows-x86_64 | 1.0.0 | 3.00 | 90.00 | 93.00 | NOTE | |
r-oldrel-macos-arm64 | 1.0.0 | 33.00 | NOTE | |||
r-oldrel-windows-x86_64 | 1.0.0 | 4.00 | 98.00 | 102.00 | NOTE |
Version: 1.0.0
Check: LazyData
Result: NOTE
'LazyData' is specified without a 'data' directory
Flavors: r-devel-linux-x86_64-debian-clang, r-devel-linux-x86_64-debian-gcc, r-devel-linux-x86_64-fedora-clang, r-devel-linux-x86_64-fedora-gcc, r-prerel-macos-arm64, r-prerel-windows-x86_64, r-patched-linux-x86_64, r-release-linux-x86_64, r-release-macos-arm64, r-release-macos-x86_64, r-release-windows-x86_64, r-oldrel-macos-arm64, r-oldrel-windows-x86_64