CRAN Package Check Results for Package pmr

Last updated on 2024-06-15 12:48:31 CEST.

Flavor Version Tinstall Tcheck Ttotal Status Flags
r-devel-linux-x86_64-debian-clang 1.2.5.1 4.88 38.37 43.25 NOTE
r-devel-linux-x86_64-debian-gcc 1.2.5.1 3.76 29.25 33.01 NOTE
r-devel-linux-x86_64-fedora-clang 1.2.5.1 54.99 NOTE
r-devel-linux-x86_64-fedora-gcc 1.2.5.1 51.23 NOTE
r-devel-windows-x86_64 1.2.5.1 5.00 53.00 58.00 NOTE
r-patched-linux-x86_64 1.2.5.1 4.45 38.21 42.66 NOTE
r-release-linux-x86_64 1.2.5.1 4.09 37.89 41.98 NOTE
r-release-macos-arm64 1.2.5.1 24.00 NOTE
r-release-macos-x86_64 1.2.5.1 28.00 NOTE
r-release-windows-x86_64 1.2.5.1 4.00 51.00 55.00 NOTE
r-oldrel-macos-arm64 1.2.5.1 20.00 OK
r-oldrel-macos-x86_64 1.2.5.1 30.00 OK
r-oldrel-windows-x86_64 1.2.5.1 5.00 56.00 61.00 OK

Check Details

Version: 1.2.5.1
Check: Rd files
Result: NOTE checkRd: (-1) ahp.Rd:16: Lost braces; missing escapes or markup? 16 | an ``A'' matrix. It should be a square matrix with diagonal values equal 1 and $a_{ij} = 1/a_{ij}$. | ^ checkRd: (-1) ahp.Rd:16: Lost braces; missing escapes or markup? 16 | an ``A'' matrix. It should be a square matrix with diagonal values equal 1 and $a_{ij} = 1/a_{ij}$. | ^ Flavors: r-devel-linux-x86_64-debian-clang, r-devel-linux-x86_64-debian-gcc, r-devel-linux-x86_64-fedora-clang, r-devel-linux-x86_64-fedora-gcc, r-devel-windows-x86_64, r-patched-linux-x86_64, r-release-linux-x86_64, r-release-macos-arm64, r-release-macos-x86_64, r-release-windows-x86_64