CRAN Package Check Results for Package plyr

Last updated on 2022-05-28 13:51:27 CEST.

Flavor Version Tinstall Tcheck Ttotal Status Flags
r-devel-linux-x86_64-debian-clang 1.8.7 25.07 86.98 112.05 OK
r-devel-linux-x86_64-debian-gcc 1.8.7 18.16 65.32 83.48 OK
r-devel-linux-x86_64-fedora-clang 1.8.7 135.88 OK
r-devel-linux-x86_64-fedora-gcc 1.8.7 118.72 OK
r-devel-windows-x86_64 1.8.7 63.00 132.00 195.00 OK
r-patched-linux-x86_64 1.8.7 18.09 82.30 100.39 OK
r-release-linux-x86_64 1.8.7 18.97 83.30 102.27 OK
r-release-macos-arm64 1.8.7 48.00 OK
r-release-macos-x86_64 1.8.7 59.00 OK
r-release-windows-x86_64 1.8.7 65.00 127.00 192.00 OK
r-oldrel-macos-arm64 1.8.7 54.00 OK
r-oldrel-macos-x86_64 1.8.7 73.00 OK
r-oldrel-windows-ix86+x86_64 1.8.7 2.00 9.00 11.00 ERROR

Check Details

Version: 1.8.7
Check: whether package can be installed
Result: ERROR
    Installation failed.
Flavor: r-oldrel-windows-ix86+x86_64