Last updated on 2025-04-29 12:52:44 CEST.
Flavor | Version | Tinstall | Tcheck | Ttotal | Status | Flags |
---|---|---|---|---|---|---|
r-devel-linux-x86_64-debian-clang | 0.8-5 | 2.22 | 19.09 | 21.31 | NOTE | |
r-devel-linux-x86_64-debian-gcc | 0.8-5 | 1.94 | 16.05 | 17.99 | NOTE | |
r-devel-linux-x86_64-fedora-clang | 0.8-5 | 33.29 | OK | |||
r-devel-linux-x86_64-fedora-gcc | 0.8-5 | 32.36 | OK | |||
r-devel-windows-x86_64 | 0.8-5 | 5.00 | 49.00 | 54.00 | OK | |
r-patched-linux-x86_64 | 0.8-5 | 2.27 | 18.73 | 21.00 | OK | |
r-release-linux-x86_64 | 0.8-5 | 2.10 | 18.40 | 20.50 | OK | |
r-release-macos-arm64 | 0.8-5 | 18.00 | OK | |||
r-release-macos-x86_64 | 0.8-5 | 27.00 | OK | |||
r-release-windows-x86_64 | 0.8-5 | 6.00 | 52.00 | 58.00 | OK | |
r-oldrel-macos-arm64 | 0.8-5 | 18.00 | OK | |||
r-oldrel-macos-x86_64 | 0.8-5 | 22.00 | OK | |||
r-oldrel-windows-x86_64 | 0.8-5 | 5.00 | 49.00 | 54.00 | OK |
Version: 0.8-5
Check: CRAN incoming feasibility
Result: NOTE
Maintainer: ‘Martin Maechler <maechler@stat.math.ethz.ch>’
No Authors@R field in DESCRIPTION.
Please add one, modifying
Authors@R: c(person(given = c("Eva", "Herrmann;", "R", "interface", "etc", "by", "Martin"),
family = "Maechler",
role = "aut",
email = "eherrmann@mathematik.tu-darmstadt.de",
comment = "C original"),
person(given = "Martin",
family = "Maechler",
role = "cre",
email = "maechler@stat.math.ethz.ch"))
as necessary.
Flavors: r-devel-linux-x86_64-debian-clang, r-devel-linux-x86_64-debian-gcc