Last updated on 2022-07-02 12:53:10 CEST.
Flavor | Version | Tinstall | Tcheck | Ttotal | Status | Flags |
---|---|---|---|---|---|---|
r-devel-linux-x86_64-debian-clang | 2.8-0 | 6.31 | 65.79 | 72.10 | OK | |
r-devel-linux-x86_64-debian-gcc | 2.8-0 | 5.31 | 50.41 | 55.72 | OK | |
r-devel-linux-x86_64-fedora-clang | 2.8-0 | 100.08 | NOTE | |||
r-devel-linux-x86_64-fedora-gcc | 2.8-0 | 99.08 | OK | |||
r-devel-windows-x86_64 | 2.8-0 | 41.00 | 106.00 | 147.00 | OK | |
r-patched-linux-x86_64 | 2.8-0 | 7.58 | 63.51 | 71.09 | OK | |
r-release-linux-x86_64 | 2.8-0 | 7.93 | 65.32 | 73.25 | OK | |
r-release-macos-arm64 | 2.8-0 | 33.00 | NOTE | |||
r-release-macos-x86_64 | 2.8-0 | 49.00 | NOTE | |||
r-release-windows-x86_64 | 2.8-0 | 41.00 | 106.00 | 147.00 | OK | |
r-oldrel-macos-arm64 | 2.8-0 | 47.00 | NOTE | |||
r-oldrel-macos-x86_64 | 2.8-0 | 54.00 | NOTE | |||
r-oldrel-windows-ix86+x86_64 | 2.8-0 | 11.00 | 86.00 | 97.00 | OK |
Version: 2.8-0
Check: Rd cross-references
Result: NOTE
Undeclared package ‘sm’ in Rd xrefs
Flavor: r-devel-linux-x86_64-fedora-clang
Version: 2.8-0
Check: package dependencies
Result: NOTE
Package suggested but not available for checking: ‘Rmpi’
Flavors: r-release-macos-arm64, r-release-macos-x86_64, r-oldrel-macos-arm64, r-oldrel-macos-x86_64