Last updated on 2025-11-03 11:49:49 CET.
| Flavor | Version | Tinstall | Tcheck | Ttotal | Status | Flags | 
|---|---|---|---|---|---|---|
| r-devel-linux-x86_64-debian-clang | 0.8.1 | 26.77 | 271.40 | 298.17 | OK | |
| r-devel-linux-x86_64-debian-gcc | 0.8.1 | 16.36 | 171.12 | 187.48 | OK | |
| r-devel-linux-x86_64-fedora-clang | 0.8.1 | 97.00 | 377.43 | 474.43 | OK | |
| r-devel-linux-x86_64-fedora-gcc | 0.8.1 | 53.00 | 380.47 | 433.47 | OK | |
| r-devel-windows-x86_64 | 0.8.1 | 27.00 | 259.00 | 286.00 | OK | |
| r-patched-linux-x86_64 | 0.8.1 | 31.78 | 253.86 | 285.64 | OK | |
| r-release-linux-x86_64 | 0.8.1 | 25.12 | 257.28 | 282.40 | OK | |
| r-release-macos-arm64 | 0.8.1 | 11.00 | 92.00 | 103.00 | OK | |
| r-release-macos-x86_64 | 0.8.1 | 28.00 | 235.00 | 263.00 | OK | |
| r-release-windows-x86_64 | 0.8.1 | 26.00 | 253.00 | 279.00 | OK | |
| r-oldrel-macos-arm64 | 0.8.1 | 13.00 | 107.00 | 120.00 | NOTE | |
| r-oldrel-macos-x86_64 | 0.8.1 | 27.00 | 236.00 | 263.00 | NOTE | |
| r-oldrel-windows-x86_64 | 0.8.1 | 40.00 | 345.00 | 385.00 | OK | 
Version: 0.8.1
Check: package dependencies
Result: NOTE
  Package suggested but not available for checking: ‘ggmanh’
Flavors: r-oldrel-macos-arm64, r-oldrel-macos-x86_64