CRAN Package Check Results for Package plotscale

Last updated on 2022-07-05 11:50:00 CEST.

Flavor Version Tinstall Tcheck Ttotal Status Flags
r-devel-linux-x86_64-debian-clang 0.1.6 2.15 54.52 56.67 NOTE
r-devel-linux-x86_64-debian-gcc 0.1.6 2.14 40.72 42.86 NOTE
r-devel-linux-x86_64-fedora-clang 0.1.6 75.76 NOTE
r-devel-linux-x86_64-fedora-gcc 0.1.6 75.52 NOTE
r-devel-windows-x86_64 0.1.6 19.00 84.00 103.00 NOTE
r-patched-linux-x86_64 0.1.6 2.66 51.75 54.41 NOTE
r-release-linux-x86_64 0.1.6 2.11 52.23 54.34 NOTE
r-release-macos-arm64 0.1.6 24.00 NOTE
r-release-macos-x86_64 0.1.6 34.00 NOTE
r-release-windows-x86_64 0.1.6 19.00 81.00 100.00 NOTE
r-oldrel-macos-arm64 0.1.6 26.00 NOTE
r-oldrel-macos-x86_64 0.1.6 43.00 NOTE
r-oldrel-windows-ix86+x86_64 0.1.6 6.00 70.00 76.00 NOTE

Check Details

Version: 0.1.6
Check: LazyData
Result: NOTE
     'LazyData' is specified without a 'data' directory
Flavors: r-devel-linux-x86_64-debian-clang, r-devel-linux-x86_64-debian-gcc, r-devel-linux-x86_64-fedora-clang, r-devel-linux-x86_64-fedora-gcc, r-devel-windows-x86_64, r-patched-linux-x86_64, r-release-linux-x86_64, r-release-macos-arm64, r-release-macos-x86_64, r-release-windows-x86_64, r-oldrel-macos-arm64, r-oldrel-macos-x86_64, r-oldrel-windows-ix86+x86_64

Version: 0.1.6
Check: dependencies in R code
Result: NOTE
    Namespace in Imports field not imported from: ‘graphics’
     All declared Imports should be used.
Flavors: r-devel-linux-x86_64-fedora-clang, r-devel-linux-x86_64-fedora-gcc, r-release-macos-arm64, r-release-macos-x86_64, r-oldrel-macos-arm64, r-oldrel-macos-x86_64