CRAN Package Check Results for Package plotpc

Last updated on 2025-10-10 11:51:13 CEST.

Flavor Version Tinstall Tcheck Ttotal Status Flags
r-devel-linux-x86_64-debian-clang 1.0.4 1.91 22.14 24.05 NOTE
r-devel-linux-x86_64-debian-gcc 1.0.4 1.70 17.92 19.62 NOTE
r-devel-linux-x86_64-fedora-clang 1.0.4 35.68 OK
r-devel-linux-x86_64-fedora-gcc 1.0.4 33.95 OK
r-devel-windows-x86_64 1.0.4 3.00 42.00 45.00 OK
r-patched-linux-x86_64 1.0.4 1.98 20.85 22.83 OK
r-release-linux-x86_64 1.0.4 2.01 20.73 22.74 OK
r-release-macos-arm64 1.0.4 16.00 OK
r-release-macos-x86_64 1.0.4 25.00 OK
r-release-windows-x86_64 1.0.4 4.00 48.00 52.00 OK
r-oldrel-macos-arm64 1.0.4 17.00 OK
r-oldrel-macos-x86_64 1.0.4 21.00 OK
r-oldrel-windows-x86_64 1.0.4 3.00 42.00 45.00 OK

Check Details

Version: 1.0.4
Check: CRAN incoming feasibility
Result: NOTE Maintainer: ‘Stephen Milborrow <milbo@sonic.net>’ No Authors@R field in DESCRIPTION. Please add one, modifying Authors@R: person(given = "Stephen", family = "Milborrow", role = c("aut", "cre"), email = "milbo@sonic.net") as necessary. Flavors: r-devel-linux-x86_64-debian-clang, r-devel-linux-x86_64-debian-gcc