CRAN Package Check Results for Package plotly

Last updated on 2022-11-26 10:58:06 CET.

Flavor Version Tinstall Tcheck Ttotal Status Flags
r-devel-linux-x86_64-debian-clang 4.10.1 18.85 262.27 281.12 OK
r-devel-linux-x86_64-debian-gcc 4.10.1 14.80 192.44 207.24 OK
r-devel-linux-x86_64-fedora-clang 4.10.1 340.05 NOTE
r-devel-linux-x86_64-fedora-gcc 4.10.1 351.98 OK
r-devel-windows-x86_64 4.10.1 346.00 290.00 636.00 NOTE
r-patched-linux-x86_64 4.10.1 OK
r-release-linux-x86_64 4.10.1 21.23 244.34 265.57 OK
r-release-macos-arm64 4.10.1 118.00 NOTE
r-release-macos-x86_64 4.10.1 116.00 NOTE
r-release-windows-x86_64 4.10.1 285.00 274.00 559.00 NOTE
r-oldrel-macos-arm64 4.10.1 111.00 NOTE
r-oldrel-macos-x86_64 4.10.1 119.00 NOTE
r-oldrel-windows-ix86+x86_64 4.10.1 38.00 262.00 300.00 NOTE

Check Details

Version: 4.10.1
Check: installed package size
Result: NOTE
     installed size is 7.2Mb
     sub-directories of 1Mb or more:
     htmlwidgets 4.0Mb
Flavors: r-devel-linux-x86_64-fedora-clang, r-devel-windows-x86_64, r-release-macos-arm64, r-release-macos-x86_64, r-release-windows-x86_64, r-oldrel-macos-arm64, r-oldrel-macos-x86_64, r-oldrel-windows-ix86+x86_64