Last updated on 2024-08-16 12:49:16 CEST.
Flavor | Version | Tinstall | Tcheck | Ttotal | Status | Flags |
---|---|---|---|---|---|---|
r-devel-linux-x86_64-debian-clang | 0.1.0 | 6.81 | 49.15 | 55.96 | OK | |
r-devel-linux-x86_64-debian-gcc | 0.1.0 | 5.08 | 36.44 | 41.52 | OK | |
r-devel-linux-x86_64-fedora-clang | 0.1.0 | 89.50 | NOTE | |||
r-devel-linux-x86_64-fedora-gcc | 0.1.0 | 82.25 | NOTE | |||
r-devel-windows-x86_64 | 0.1.0 | 10.00 | 68.00 | 78.00 | OK | |
r-patched-linux-x86_64 | 0.1.0 | 6.49 | 46.44 | 52.93 | OK | |
r-release-linux-x86_64 | 0.1.0 | 6.91 | 46.79 | 53.70 | OK | |
r-release-macos-arm64 | 0.1.0 | 30.00 | OK | |||
r-release-macos-x86_64 | 0.1.0 | 43.00 | OK | |||
r-release-windows-x86_64 | 0.1.0 | 9.00 | 69.00 | 78.00 | OK | |
r-oldrel-macos-arm64 | 0.1.0 | 30.00 | OK | |||
r-oldrel-macos-x86_64 | 0.1.0 | 44.00 | OK | |||
r-oldrel-windows-x86_64 | 0.1.0 | 12.00 | 76.00 | 88.00 | OK |
Version: 0.1.0
Check: dependencies in R code
Result: NOTE
Namespace in Imports field not imported from: ‘mapproj’
All declared Imports should be used.
Flavors: r-devel-linux-x86_64-fedora-clang, r-devel-linux-x86_64-fedora-gcc
Version: 0.1.0
Check: data for non-ASCII characters
Result: NOTE
Note: found 12992 marked UTF-8 strings
Flavors: r-devel-linux-x86_64-fedora-clang, r-devel-linux-x86_64-fedora-gcc