CRAN Package Check Results for Package plotDK

Last updated on 2022-05-27 12:53:21 CEST.

Flavor Version Tinstall Tcheck Ttotal Status Flags
r-devel-linux-x86_64-debian-clang 0.1.0 8.89 77.99 86.88 OK
r-devel-linux-x86_64-debian-gcc 0.1.0 7.40 58.59 65.99 OK
r-devel-linux-x86_64-fedora-clang 0.1.0 103.24 NOTE
r-devel-linux-x86_64-fedora-gcc 0.1.0 89.81 NOTE
r-devel-windows-x86_64 0.1.0 39.00 101.00 140.00 OK
r-patched-linux-x86_64 0.1.0 6.97 71.83 78.80 OK
r-release-linux-x86_64 0.1.0 5.93 71.79 77.72 OK
r-release-macos-arm64 0.1.0 30.00 NOTE
r-release-macos-x86_64 0.1.0 51.00 NOTE
r-release-windows-x86_64 0.1.0 58.00 88.00 146.00 OK
r-oldrel-macos-arm64 0.1.0 30.00 NOTE
r-oldrel-macos-x86_64 0.1.0 41.00 NOTE
r-oldrel-windows-ix86+x86_64 0.1.0 21.00 88.00 109.00 OK

Check Details

Version: 0.1.0
Check: dependencies in R code
Result: NOTE
    Namespace in Imports field not imported from: ‘mapproj’
     All declared Imports should be used.
Flavors: r-devel-linux-x86_64-fedora-clang, r-devel-linux-x86_64-fedora-gcc, r-release-macos-arm64, r-release-macos-x86_64, r-oldrel-macos-arm64, r-oldrel-macos-x86_64

Version: 0.1.0
Check: data for non-ASCII characters
Result: NOTE
     Note: found 12992 marked UTF-8 strings
Flavors: r-devel-linux-x86_64-fedora-clang, r-devel-linux-x86_64-fedora-gcc, r-release-macos-arm64, r-release-macos-x86_64, r-oldrel-macos-arm64, r-oldrel-macos-x86_64