CRAN Package Check Results for Package plot3D

Last updated on 2025-01-18 15:02:54 CET.

Flavor Version Tinstall Tcheck Ttotal Status Flags
r-devel-linux-x86_64-debian-clang 1.4.1 16.58 119.94 136.52 NOTE
r-devel-linux-x86_64-debian-gcc 1.4.1 12.89 85.87 98.76 NOTE
r-devel-linux-x86_64-fedora-clang 1.4.1 223.83 OK
r-devel-linux-x86_64-fedora-gcc 1.4.1 237.86 OK
r-devel-windows-x86_64 1.4.1 14.00 172.00 186.00 NOTE
r-patched-linux-x86_64 1.4.1 18.48 114.08 132.56 OK
r-release-linux-x86_64 1.4.1 14.03 114.53 128.56 OK
r-release-macos-arm64 1.4.1 99.00 OK
r-release-macos-x86_64 1.4.1 116.00 OK
r-release-windows-x86_64 1.4.1 15.00 190.00 205.00 OK
r-oldrel-macos-arm64 1.4.1 94.00 OK
r-oldrel-macos-x86_64 1.4.1 254.00 OK
r-oldrel-windows-x86_64 1.4.1 15.00 175.00 190.00 OK

Check Details

Version: 1.4.1
Check: Rd cross-references
Result: NOTE Found the following Rd file(s) with Rd \link{} targets missing package anchors: slice3D.Rd: computeContour3d Please provide package anchors for all Rd \link{} targets not in the package itself and the base packages. Flavors: r-devel-linux-x86_64-debian-clang, r-devel-linux-x86_64-debian-gcc, r-devel-windows-x86_64