CRAN Package Check Results for Package plainview

Last updated on 2024-07-21 10:55:30 CEST.

Flavor Version Tinstall Tcheck Ttotal Status Flags
r-devel-linux-x86_64-debian-clang 0.2.1 28.89 291.53 320.42 OK
r-devel-linux-x86_64-debian-gcc 0.2.1 23.28 212.34 235.62 NOTE
r-devel-linux-x86_64-fedora-clang 0.2.1 393.82 OK
r-devel-linux-x86_64-fedora-gcc 0.2.1 363.12 OK
r-devel-windows-x86_64 0.2.1 23.00 174.00 197.00 NOTE
r-patched-linux-x86_64 0.2.1 27.40 280.04 307.44 OK
r-release-linux-x86_64 0.2.1 23.28 281.12 304.40 OK
r-release-macos-arm64 0.2.1 80.00 OK
r-release-macos-x86_64 0.2.1 138.00 OK
r-release-windows-x86_64 0.2.1 23.00 170.00 193.00 OK
r-oldrel-macos-arm64 0.2.1 76.00 OK
r-oldrel-macos-x86_64 0.2.1 252.00 OK
r-oldrel-windows-x86_64 0.2.1 33.00 219.00 252.00 OK

Check Details

Version: 0.2.1
Check: Rd cross-references
Result: NOTE Found the following Rd file(s) with Rd \link{} targets missing package anchors: plainView.Rd: raster, levelplot, brick plainViewOutput.Rd: shinyWidgetOutput Please provide package anchors for all Rd \link{} targets not in the package itself and the base packages. Flavors: r-devel-linux-x86_64-debian-gcc, r-devel-windows-x86_64