CRAN Package Check Results for Package plac

Last updated on 2022-06-26 11:52:40 CEST.

Flavor Version Tinstall Tcheck Ttotal Status Flags
r-devel-linux-x86_64-debian-clang 0.1.1 105.29 78.93 184.22 NOTE
r-devel-linux-x86_64-debian-gcc 0.1.1 92.34 63.27 155.61 NOTE
r-devel-linux-x86_64-fedora-clang 0.1.1 274.62 NOTE
r-devel-linux-x86_64-fedora-gcc 0.1.1 261.34 NOTE
r-devel-windows-x86_64 0.1.1 70.00 116.00 186.00 NOTE
r-patched-linux-x86_64 0.1.1 101.18 80.49 181.67 NOTE
r-release-linux-x86_64 0.1.1 98.26 79.65 177.91 NOTE
r-release-macos-arm64 0.1.1 72.00 NOTE
r-release-macos-x86_64 0.1.1 101.00 NOTE
r-release-windows-x86_64 0.1.1 78.00 117.00 195.00 NOTE
r-oldrel-macos-arm64 0.1.1 75.00 NOTE
r-oldrel-macos-x86_64 0.1.1 110.00 NOTE
r-oldrel-windows-ix86+x86_64 0.1.1 224.00 143.00 367.00 NOTE

Check Details

Version: 0.1.1
Check: LazyData
Result: NOTE
     'LazyData' is specified without a 'data' directory
Flavors: r-devel-linux-x86_64-debian-clang, r-devel-linux-x86_64-debian-gcc, r-devel-linux-x86_64-fedora-clang, r-devel-linux-x86_64-fedora-gcc, r-devel-windows-x86_64, r-patched-linux-x86_64, r-release-linux-x86_64, r-release-macos-arm64, r-release-macos-x86_64, r-release-windows-x86_64, r-oldrel-macos-arm64, r-oldrel-macos-x86_64, r-oldrel-windows-ix86+x86_64

Version: 0.1.1
Check: installed package size
Result: NOTE
     installed size is 23.1Mb
     sub-directories of 1Mb or more:
     libs 22.9Mb
Flavors: r-devel-linux-x86_64-fedora-clang, r-release-macos-arm64, r-release-macos-x86_64, r-oldrel-macos-arm64, r-oldrel-macos-x86_64

Version: 0.1.1
Check: compiled code
Result: NOTE
    File ‘plac/libs/plac.so’:
     Found no calls to: ‘R_registerRoutines’, ‘R_useDynamicSymbols’
    
    It is good practice to register native routines and to disable symbol
    search.
    
    See ‘Writing portable packages’ in the ‘Writing R Extensions’ manual.
Flavors: r-devel-linux-x86_64-fedora-clang, r-devel-linux-x86_64-fedora-gcc