Last updated on 2024-04-18 12:52:54 CEST.
Flavor | Version | Tinstall | Tcheck | Ttotal | Status | Flags |
---|---|---|---|---|---|---|
r-devel-linux-x86_64-debian-clang | 1.2.3 | 7.81 | 78.12 | 85.93 | OK | |
r-devel-linux-x86_64-debian-gcc | 1.2.3 | 5.87 | 58.06 | 63.93 | OK | |
r-devel-linux-x86_64-fedora-clang | 1.2.3 | 110.37 | OK | |||
r-devel-linux-x86_64-fedora-gcc | 1.2.3 | 116.34 | OK | |||
r-prerel-macos-arm64 | 1.2.3 | 38.00 | OK | |||
r-prerel-windows-x86_64 | 1.2.3 | 7.00 | 77.00 | 84.00 | OK | |
r-patched-linux-x86_64 | 1.2.3 | 5.74 | 75.25 | 80.99 | OK | |
r-release-linux-x86_64 | 1.2.3 | 6.57 | 73.77 | 80.34 | OK | |
r-release-macos-arm64 | 1.2.3 | 40.00 | OK | |||
r-release-macos-x86_64 | 1.2.3 | 59.00 | NOTE | |||
r-release-windows-x86_64 | 1.2.3 | 12.00 | 87.00 | 99.00 | OK | |
r-oldrel-macos-arm64 | 1.2.3 | 34.00 | OK | |||
r-oldrel-windows-x86_64 | 1.2.3 | 11.00 | 90.00 | 101.00 | OK |
Version: 1.2.3
Check: package dependencies
Result: NOTE
Package suggested but not available for checking: ‘httk’
Flavor: r-release-macos-x86_64