CRAN Package Check Results for Package pkgnews

Last updated on 2023-09-30 11:51:48 CEST.

Flavor Version Tinstall Tcheck Ttotal Status Flags
r-devel-linux-x86_64-debian-clang 0.0.2 2.13 21.76 23.89 NOTE
r-devel-linux-x86_64-debian-gcc 0.0.2 1.64 17.03 18.67 NOTE
r-devel-linux-x86_64-fedora-clang 0.0.2 29.61 NOTE
r-devel-linux-x86_64-fedora-gcc 0.0.2 28.50 NOTE
r-devel-windows-x86_64 0.0.2 2.00 39.00 41.00 NOTE
r-patched-linux-x86_64 0.0.2 1.34 21.33 22.67 NOTE
r-release-linux-x86_64 0.0.2 1.49 21.59 23.08 NOTE
r-release-macos-arm64 0.0.2 15.00 NOTE
r-release-macos-x86_64 0.0.2 21.00 NOTE
r-release-windows-x86_64 0.0.2 5.00 39.00 44.00 NOTE
r-oldrel-macos-arm64 0.0.2 17.00 NOTE
r-oldrel-macos-x86_64 0.0.2 21.00 NOTE
r-oldrel-windows-x86_64 0.0.2 4.00 42.00 46.00 NOTE

Check Details

Version: 0.0.2
Check: LazyData
Result: NOTE
     'LazyData' is specified without a 'data' directory
Flavors: r-devel-linux-x86_64-debian-clang, r-devel-linux-x86_64-debian-gcc, r-devel-linux-x86_64-fedora-clang, r-devel-linux-x86_64-fedora-gcc, r-devel-windows-x86_64, r-patched-linux-x86_64, r-release-linux-x86_64, r-release-macos-arm64, r-release-macos-x86_64, r-release-windows-x86_64, r-oldrel-macos-arm64, r-oldrel-macos-x86_64, r-oldrel-windows-x86_64