Last updated on 2024-04-19 11:56:56 CEST.
Flavor | Version | Tinstall | Tcheck | Ttotal | Status | Flags |
---|---|---|---|---|---|---|
r-devel-linux-x86_64-debian-clang | 0.32.10 | 12.84 | 77.83 | 90.67 | NOTE | |
r-devel-linux-x86_64-debian-gcc | 0.32.10 | NOTE | ||||
r-devel-linux-x86_64-fedora-clang | 0.32.10 | 109.59 | NOTE | |||
r-devel-linux-x86_64-fedora-gcc | 0.32.10 | 103.49 | NOTE | |||
r-prerel-macos-arm64 | 0.32.10 | 34.00 | NOTE | |||
r-prerel-windows-x86_64 | 0.32.10 | 14.00 | 90.00 | 104.00 | NOTE | |
r-patched-linux-x86_64 | 0.32.10 | 10.59 | 72.13 | 82.72 | NOTE | |
r-release-linux-x86_64 | 0.32.10 | 11.73 | 75.01 | 86.74 | OK | |
r-release-macos-arm64 | 0.32.10 | 34.00 | OK | |||
r-release-macos-x86_64 | 0.32.10 | 99.00 | OK | |||
r-release-windows-x86_64 | 0.32.10 | 12.00 | 101.00 | 113.00 | OK | |
r-oldrel-macos-arm64 | 0.32.10 | 49.00 | OK | |||
r-oldrel-windows-x86_64 | 0.32.10 | 14.00 | 90.00 | 104.00 | OK |
Version: 0.32.10
Check: Rd files
Result: NOTE
checkRd: (-1) write.pkgbib.Rd:44: Lost braces; missing escapes or markup?
44 | The Old version of this function {write.bib} has now been integrated
| ^
Flavors: r-devel-linux-x86_64-debian-clang, r-devel-linux-x86_64-debian-gcc, r-devel-linux-x86_64-fedora-clang, r-devel-linux-x86_64-fedora-gcc, r-prerel-macos-arm64, r-prerel-windows-x86_64, r-patched-linux-x86_64
Version: 0.32.10
Check: HTML version of manual
Result: NOTE
Found the following HTML validation problems:
options.html:83:1 (options.Rd:36): Warning: trimming empty <dt>
Flavors: r-devel-linux-x86_64-debian-clang, r-devel-linux-x86_64-debian-gcc, r-devel-linux-x86_64-fedora-clang, r-devel-linux-x86_64-fedora-gcc, r-prerel-windows-x86_64, r-patched-linux-x86_64