Last updated on 2023-01-27 11:49:35 CET.
Flavor | Version | Tinstall | Tcheck | Ttotal | Status | Flags |
---|---|---|---|---|---|---|
r-devel-linux-x86_64-debian-clang | 0.4.0 | 24.13 | 80.07 | 104.20 | OK | |
r-devel-linux-x86_64-debian-gcc | 0.4.0 | 17.80 | 58.58 | 76.38 | OK | |
r-devel-linux-x86_64-fedora-clang | 0.4.0 | 127.46 | OK | |||
r-devel-linux-x86_64-fedora-gcc | 0.4.0 | 117.87 | OK | |||
r-patched-linux-x86_64 | 0.4.0 | 25.26 | 74.22 | 99.48 | OK | |
r-release-linux-x86_64 | 0.4.0 | 22.25 | 73.66 | 95.91 | OK | |
r-release-macos-arm64 | 0.4.0 | 36.00 | OK | |||
r-release-macos-x86_64 | 0.4.0 | 46.00 | OK | |||
r-release-windows-x86_64 | 0.4.0 | 184.00 | 102.00 | 286.00 | OK | |
r-oldrel-macos-arm64 | 0.4.0 | 36.00 | OK | |||
r-oldrel-macos-x86_64 | 0.4.0 | 48.00 | OK | |||
r-oldrel-windows-ix86+x86_64 | 0.4.0 | 35.00 | 103.00 | 138.00 | WARN |
Version: 0.4.0
Check: for unstated dependencies in ‘tests’
Result: WARN
Warning: unable to access index for repository https://bioconductor.org/packages/3.14/bioc/src/contrib:
cannot open URL 'https://bioconductor.org/packages/3.14/bioc/src/contrib/PACKAGES'
Warning: unable to access index for repository https://bioconductor.org/packages/3.14/data/annotation/src/contrib:
cannot open URL 'https://bioconductor.org/packages/3.14/data/annotation/src/contrib/PACKAGES'
Warning: unable to access index for repository https://bioconductor.org/packages/3.14/data/experiment/src/contrib:
cannot open URL 'https://bioconductor.org/packages/3.14/data/experiment/src/contrib/PACKAGES'
Flavor: r-oldrel-windows-ix86+x86_64