CRAN Package Check Results for Package pixels

Last updated on 2022-09-29 10:52:52 CEST.

Flavor Version Tinstall Tcheck Ttotal Status Flags
r-devel-linux-x86_64-debian-clang 0.1.1 3.74 39.60 43.34 NOTE
r-devel-linux-x86_64-debian-gcc 0.1.1 2.92 30.81 33.73 NOTE
r-devel-linux-x86_64-fedora-clang 0.1.1 64.30 NOTE
r-devel-linux-x86_64-fedora-gcc 0.1.1 60.04 NOTE
r-devel-windows-x86_64 0.1.1 7.00 66.00 73.00 NOTE
r-patched-linux-x86_64 0.1.1 2.95 38.37 41.32 NOTE
r-release-linux-x86_64 0.1.1 3.08 37.79 40.87 NOTE
r-release-macos-arm64 0.1.1 19.00 NOTE
r-release-macos-x86_64 0.1.1 39.00 NOTE
r-release-windows-x86_64 0.1.1 12.00 67.00 79.00 NOTE
r-oldrel-macos-arm64 0.1.1 22.00 NOTE
r-oldrel-macos-x86_64 0.1.1 36.00 NOTE
r-oldrel-windows-ix86+x86_64 0.1.1 10.00 66.00 76.00 NOTE

Check Details

Version: 0.1.1
Check: LazyData
Result: NOTE
     'LazyData' is specified without a 'data' directory
Flavors: r-devel-linux-x86_64-debian-clang, r-devel-linux-x86_64-debian-gcc, r-devel-linux-x86_64-fedora-clang, r-devel-linux-x86_64-fedora-gcc, r-devel-windows-x86_64, r-patched-linux-x86_64, r-release-linux-x86_64, r-release-macos-arm64, r-release-macos-x86_64, r-release-windows-x86_64, r-oldrel-macos-arm64, r-oldrel-macos-x86_64, r-oldrel-windows-ix86+x86_64