CRAN Package Check Results for Package piton

Last updated on 2022-06-24 11:52:15 CEST.

Flavor Version Tinstall Tcheck Ttotal Status Flags
r-devel-linux-x86_64-debian-clang 1.0.0 20.49 27.97 48.46 NOTE
r-devel-linux-x86_64-debian-gcc 1.0.0 14.61 22.20 36.81 NOTE
r-devel-linux-x86_64-fedora-clang 1.0.0 76.38 NOTE
r-devel-linux-x86_64-fedora-gcc 1.0.0 69.93 NOTE
r-devel-windows-x86_64 1.0.0 118.00 76.00 194.00 NOTE
r-patched-linux-x86_64 1.0.0 15.83 27.85 43.68 NOTE
r-release-linux-x86_64 1.0.0 17.21 27.78 44.99 NOTE
r-release-macos-arm64 1.0.0 21.00 NOTE
r-release-macos-x86_64 1.0.0 31.00 NOTE
r-release-windows-x86_64 1.0.0 125.00 80.00 205.00 NOTE
r-oldrel-macos-arm64 1.0.0 25.00 NOTE
r-oldrel-macos-x86_64 1.0.0 41.00 NOTE
r-oldrel-windows-ix86+x86_64 1.0.0 53.00 71.00 124.00 NOTE

Check Details

Version: 1.0.0
Check: LazyData
Result: NOTE
     'LazyData' is specified without a 'data' directory
Flavors: r-devel-linux-x86_64-debian-clang, r-devel-linux-x86_64-debian-gcc, r-devel-linux-x86_64-fedora-clang, r-devel-linux-x86_64-fedora-gcc, r-devel-windows-x86_64, r-patched-linux-x86_64, r-release-linux-x86_64, r-release-macos-arm64, r-release-macos-x86_64, r-release-windows-x86_64, r-oldrel-macos-arm64, r-oldrel-macos-x86_64, r-oldrel-windows-ix86+x86_64