Last updated on 2025-04-29 12:52:44 CEST.
Flavor | Version | Tinstall | Tcheck | Ttotal | Status | Flags |
---|---|---|---|---|---|---|
r-devel-linux-x86_64-debian-clang | 0.1.9 | 1.83 | 55.99 | 57.82 | NOTE | |
r-devel-linux-x86_64-debian-gcc | 0.1.9 | 1.34 | 38.87 | 40.21 | NOTE | |
r-devel-linux-x86_64-fedora-clang | 0.1.9 | 100.74 | NOTE | |||
r-devel-linux-x86_64-fedora-gcc | 0.1.9 | 105.08 | NOTE | |||
r-devel-windows-x86_64 | 0.1.9 | 4.00 | 73.00 | 77.00 | OK | |
r-patched-linux-x86_64 | 0.1.9 | 1.88 | 52.95 | 54.83 | OK | |
r-release-linux-x86_64 | 0.1.9 | 1.81 | 53.45 | 55.26 | OK | |
r-release-macos-arm64 | 0.1.9 | 34.00 | OK | |||
r-release-macos-x86_64 | 0.1.9 | 65.00 | OK | |||
r-release-windows-x86_64 | 0.1.9 | 3.00 | 73.00 | 76.00 | OK | |
r-oldrel-macos-arm64 | 0.1.9 | 33.00 | OK | |||
r-oldrel-macos-x86_64 | 0.1.9 | 54.00 | OK | |||
r-oldrel-windows-x86_64 | 0.1.9 | 4.00 | 81.00 | 85.00 | OK |
Version: 0.1.9
Check: CRAN incoming feasibility
Result: NOTE
Maintainer: ‘Lars Van Cutsem <lars.vancutsem@hotmail.com>’
No Authors@R field in DESCRIPTION.
Please add one, modifying
Authors@R: person(given = "Lars",
family = "Van Cutsem",
role = c("aut", "cre"),
email = "lars.vancutsem@hotmail.com")
as necessary.
Flavors: r-devel-linux-x86_64-debian-clang, r-devel-linux-x86_64-debian-gcc
Version: 0.1.9
Check: dependencies in R code
Result: NOTE
Namespace in Imports field not imported from: ‘ggplot2’
All declared Imports should be used.
Flavors: r-devel-linux-x86_64-fedora-clang, r-devel-linux-x86_64-fedora-gcc