CRAN Package Check Results for Package piqp

Last updated on 2024-04-14 12:01:02 CEST.

Flavor Version Tinstall Tcheck Ttotal Status Flags
r-devel-linux-x86_64-debian-clang 0.2.2 90.27 77.32 167.59 OK
r-devel-linux-x86_64-debian-gcc 0.2.2 71.99 61.59 133.58 OK
r-devel-linux-x86_64-fedora-clang 0.2.2 209.85 OK
r-devel-linux-x86_64-fedora-gcc 0.2.2 248.20 OK
r-devel-windows-x86_64 0.2.2 57.00 96.00 153.00 OK
r-patched-linux-x86_64 0.2.2 84.52 79.19 163.71 OK
r-release-linux-x86_64 0.2.2 81.36 80.81 162.17 OK
r-release-macos-arm64 0.2.2 80.00 NOTE
r-release-macos-x86_64 0.2.2 114.00 NOTE
r-release-windows-x86_64 0.2.2 72.00 110.00 182.00 OK
r-oldrel-macos-arm64 0.2.2 63.00 NOTE
r-oldrel-windows-x86_64 0.2.2 69.00 113.00 182.00 OK

Check Details

Version: 0.2.2
Check: installed package size
Result: NOTE installed size is 23.4Mb sub-directories of 1Mb or more: libs 23.2Mb Flavors: r-release-macos-arm64, r-release-macos-x86_64, r-oldrel-macos-arm64