Last updated on 2025-04-29 12:52:44 CEST.
Flavor | Version | Tinstall | Tcheck | Ttotal | Status | Flags |
---|---|---|---|---|---|---|
r-devel-linux-x86_64-debian-clang | 0.1.2 | 1.50 | 19.45 | 20.95 | NOTE | |
r-devel-linux-x86_64-debian-gcc | 0.1.2 | 1.29 | 15.73 | 17.02 | NOTE | |
r-devel-linux-x86_64-fedora-clang | 0.1.2 | 31.17 | NOTE | |||
r-devel-linux-x86_64-fedora-gcc | 0.1.2 | 29.15 | NOTE | |||
r-devel-windows-x86_64 | 0.1.2 | 3.00 | 42.00 | 45.00 | NOTE | |
r-patched-linux-x86_64 | 0.1.2 | 1.50 | 17.36 | 18.86 | NOTE | |
r-release-linux-x86_64 | 0.1.2 | 1.41 | 17.48 | 18.89 | NOTE | |
r-release-macos-arm64 | 0.1.2 | 16.00 | NOTE | |||
r-release-macos-x86_64 | 0.1.2 | 34.00 | NOTE | |||
r-release-windows-x86_64 | 0.1.2 | 3.00 | 45.00 | 48.00 | NOTE | |
r-oldrel-macos-arm64 | 0.1.2 | 15.00 | OK | |||
r-oldrel-macos-x86_64 | 0.1.2 | 20.00 | OK | |||
r-oldrel-windows-x86_64 | 0.1.2 | 2.00 | 40.00 | 42.00 | OK |
Version: 0.1.2
Check: DESCRIPTION meta-information
Result: NOTE
Author field differs from that derived from Authors@R
Author: ‘Brenton M. Wiernik [cre, aut] (<https://orcid.org/0000-0001-9560-6336>, @bmwiernik)’
Authors@R: ‘Brenton M. Wiernik [cre, aut] (ORCID: <https://orcid.org/0000-0001-9560-6336>, Twitter: @bmwiernik)’
Missing dependency on R >= 4.1.0 because package code uses the pipe
|> or function shorthand \(...) syntax added in R 4.1.0.
File(s) using such syntax:
‘aliases.Rd’ ‘bind.Rd’
Flavors: r-devel-linux-x86_64-debian-clang, r-devel-linux-x86_64-debian-gcc
Version: 0.1.2
Check: DESCRIPTION meta-information
Result: NOTE
Missing dependency on R >= 4.1.0 because package code uses the pipe
|> or function shorthand \(...) syntax added in R 4.1.0.
File(s) using such syntax:
‘aliases.Rd’ ‘bind.Rd’
Flavors: r-devel-linux-x86_64-fedora-clang, r-devel-linux-x86_64-fedora-gcc, r-devel-windows-x86_64, r-patched-linux-x86_64, r-release-linux-x86_64, r-release-macos-arm64, r-release-macos-x86_64, r-release-windows-x86_64