CRAN Package Check Results for Package pinochet

Last updated on 2024-02-22 12:48:34 CET.

Flavor Version Tinstall Tcheck Ttotal Status Flags
r-devel-linux-x86_64-debian-clang 0.1.0 OK
r-devel-linux-x86_64-debian-gcc 0.1.0 1.29 22.21 23.50 OK
r-devel-linux-x86_64-fedora-clang 0.1.0 38.22 NOTE
r-devel-linux-x86_64-fedora-gcc 0.1.0 47.37 NOTE
r-devel-windows-x86_64 0.1.0 2.00 45.00 47.00 OK
r-patched-linux-x86_64 0.1.0 1.86 27.62 29.48 OK
r-release-linux-x86_64 0.1.0 1.70 27.14 28.84 OK
r-release-macos-arm64 0.1.0 24.00 OK
r-release-macos-x86_64 0.1.0 34.00 OK
r-release-windows-x86_64 0.1.0 4.00 45.00 49.00 OK
r-oldrel-macos-arm64 0.1.0 19.00 OK
r-oldrel-windows-x86_64 0.1.0 4.00 49.00 53.00 OK

Check Details

Version: 0.1.0
Check: data for non-ASCII characters
Result: NOTE Note: found 2048 marked UTF-8 strings Flavors: r-devel-linux-x86_64-fedora-clang, r-devel-linux-x86_64-fedora-gcc