Last updated on 2022-06-25 10:53:10 CEST.
Flavor | Version | Tinstall | Tcheck | Ttotal | Status | Flags |
---|---|---|---|---|---|---|
r-devel-linux-x86_64-debian-clang | 2.3.3 | 3.92 | 41.07 | 44.99 | NOTE | |
r-devel-linux-x86_64-debian-gcc | 2.3.3 | 3.26 | 31.06 | 34.32 | NOTE | |
r-devel-linux-x86_64-fedora-clang | 2.3.3 | 64.01 | NOTE | |||
r-devel-linux-x86_64-fedora-gcc | 2.3.3 | 61.75 | NOTE | |||
r-devel-windows-x86_64 | 2.3.3 | 50.00 | 66.00 | 116.00 | NOTE | |
r-patched-linux-x86_64 | 2.3.3 | 4.80 | 38.23 | 43.03 | NOTE | |
r-release-linux-x86_64 | 2.3.3 | 3.36 | 38.68 | 42.04 | NOTE | |
r-release-macos-arm64 | 2.3.3 | 22.00 | NOTE | |||
r-release-macos-x86_64 | 2.3.3 | 29.00 | NOTE | |||
r-release-windows-x86_64 | 2.3.3 | 55.00 | 68.00 | 123.00 | NOTE | |
r-oldrel-macos-arm64 | 2.3.3 | 26.00 | NOTE | |||
r-oldrel-macos-x86_64 | 2.3.3 | 36.00 | NOTE | |||
r-oldrel-windows-ix86+x86_64 | 2.3.3 | 11.00 | 59.00 | 70.00 | NOTE |
Version: 2.3.3
Check: LazyData
Result: NOTE
'LazyData' is specified without a 'data' directory
Flavors: r-devel-linux-x86_64-debian-clang, r-devel-linux-x86_64-debian-gcc, r-devel-linux-x86_64-fedora-clang, r-devel-linux-x86_64-fedora-gcc, r-devel-windows-x86_64, r-patched-linux-x86_64, r-release-linux-x86_64, r-release-macos-arm64, r-release-macos-x86_64, r-release-windows-x86_64, r-oldrel-macos-arm64, r-oldrel-macos-x86_64, r-oldrel-windows-ix86+x86_64