Last updated on 2022-07-05 11:50:00 CEST.
Flavor | Version | Tinstall | Tcheck | Ttotal | Status | Flags |
---|---|---|---|---|---|---|
r-devel-linux-x86_64-debian-clang | 1.3.1 | 22.56 | 78.96 | 101.52 | OK | |
r-devel-linux-x86_64-debian-gcc | 1.3.1 | 16.12 | 61.64 | 77.76 | OK | |
r-devel-linux-x86_64-fedora-clang | 1.3.1 | 132.24 | NOTE | |||
r-devel-linux-x86_64-fedora-gcc | 1.3.1 | 128.36 | OK | |||
r-devel-windows-x86_64 | 1.3.1 | 208.00 | 128.00 | 336.00 | OK | |
r-patched-linux-x86_64 | 1.3.1 | 15.18 | 76.97 | 92.15 | OK | |
r-release-linux-x86_64 | 1.3.1 | 17.39 | 76.99 | 94.38 | OK | |
r-release-macos-arm64 | 1.3.1 | 40.00 | NOTE | |||
r-release-macos-x86_64 | 1.3.1 | 60.00 | NOTE | |||
r-release-windows-x86_64 | 1.3.1 | 177.00 | 124.00 | 301.00 | OK | |
r-oldrel-macos-arm64 | 1.3.1 | 50.00 | NOTE | |||
r-oldrel-macos-x86_64 | 1.3.1 | 79.00 | NOTE | |||
r-oldrel-windows-ix86+x86_64 | 1.3.1 | 41.00 | 132.00 | 173.00 | OK |
Version: 1.3.1
Check: installed package size
Result: NOTE
installed size is 5.3Mb
sub-directories of 1Mb or more:
libs 4.2Mb
Flavors: r-devel-linux-x86_64-fedora-clang, r-release-macos-arm64, r-release-macos-x86_64, r-oldrel-macos-arm64, r-oldrel-macos-x86_64