Last updated on 2022-08-09 12:53:33 CEST.
Flavor | Version | Tinstall | Tcheck | Ttotal | Status | Flags |
---|---|---|---|---|---|---|
r-devel-linux-x86_64-debian-clang | 1.8.2 | 12.56 | 113.62 | 126.18 | NOTE | |
r-devel-linux-x86_64-debian-gcc | 1.8.2 | 12.54 | 85.79 | 98.33 | NOTE | |
r-devel-linux-x86_64-fedora-clang | 1.8.2 | 160.38 | NOTE | |||
r-devel-linux-x86_64-fedora-gcc | 1.8.2 | 160.36 | NOTE | |||
r-devel-windows-x86_64 | 1.8.2 | 25.00 | 147.00 | 172.00 | NOTE | |
r-patched-linux-x86_64 | 1.8.2 | 14.44 | 107.03 | 121.47 | OK | |
r-release-linux-x86_64 | 1.8.2 | OK | ||||
r-release-macos-arm64 | 1.8.2 | 53.00 | OK | |||
r-release-macos-x86_64 | 1.8.2 | 67.00 | OK | |||
r-release-windows-x86_64 | 1.8.2 | 32.00 | 155.00 | 187.00 | OK | |
r-oldrel-macos-arm64 | 1.8.2 | 52.00 | OK | |||
r-oldrel-macos-x86_64 | 1.8.2 | 95.00 | OK | |||
r-oldrel-windows-ix86+x86_64 | 1.8.2 | 29.00 | 176.00 | 205.00 | OK |
Version: 1.8.2
Check: Rd files
Result: NOTE
checkRd: (-1) Kcalc.Rd:13: Escaped LaTeX specials: \$
checkRd: (-1) phylosignal.Rd:13: Escaped LaTeX specials: \$
checkRd: (-1) traitgram.Rd:14: Escaped LaTeX specials: \$
checkRd: (-1) utility.Rd:37: Escaped LaTeX specials: \$ \$
Flavors: r-devel-linux-x86_64-debian-clang, r-devel-linux-x86_64-debian-gcc, r-devel-linux-x86_64-fedora-clang, r-devel-linux-x86_64-fedora-gcc, r-devel-windows-x86_64