Last updated on 2024-03-28 09:51:51 CET.
Flavor | Version | Tinstall | Tcheck | Ttotal | Status | Flags |
---|---|---|---|---|---|---|
r-devel-linux-x86_64-debian-clang | 0.1.0 | 3.45 | 46.64 | 50.09 | NOTE | |
r-devel-linux-x86_64-debian-gcc | 0.1.0 | 2.51 | 35.95 | 38.46 | NOTE | |
r-devel-linux-x86_64-fedora-clang | 0.1.0 | 61.96 | NOTE | |||
r-devel-linux-x86_64-fedora-gcc | 0.1.0 | 59.84 | NOTE | |||
r-devel-windows-x86_64 | 0.1.0 | 3.00 | 57.00 | 60.00 | NOTE | |
r-patched-linux-x86_64 | 0.1.0 | 3.07 | 45.42 | 48.49 | NOTE | |
r-release-linux-x86_64 | 0.1.0 | 2.42 | 43.94 | 46.36 | NOTE | |
r-release-macos-arm64 | 0.1.0 | 23.00 | NOTE | |||
r-release-macos-x86_64 | 0.1.0 | 33.00 | NOTE | |||
r-release-windows-x86_64 | 0.1.0 | 4.00 | 60.00 | 64.00 | NOTE | |
r-oldrel-macos-arm64 | 0.1.0 | 24.00 | OK | |||
r-oldrel-windows-x86_64 | 0.1.0 | 4.00 | 62.00 | 66.00 | OK |
Version: 0.1.0
Check: package subdirectories
Result: NOTE
Problems with news in ‘NEWS.md’:
No news entries found.
Flavors: r-devel-linux-x86_64-debian-clang, r-devel-linux-x86_64-debian-gcc, r-devel-linux-x86_64-fedora-clang, r-devel-linux-x86_64-fedora-gcc, r-devel-windows-x86_64, r-patched-linux-x86_64, r-release-linux-x86_64, r-release-macos-arm64, r-release-macos-x86_64, r-release-windows-x86_64
Version: 0.1.0
Check: Rd \usage sections
Result: NOTE
Documented arguments not in \usage in Rd file 'TungUbRF.Rd':
‘feature_num_tree’
Functions with \usage entries need to have the appropriate \alias
entries, and all their arguments documented.
The \usage entries must correspond to syntactically valid R code.
See chapter ‘Writing R documentation files’ in the ‘Writing R
Extensions’ manual.
Flavors: r-devel-linux-x86_64-debian-clang, r-devel-linux-x86_64-debian-gcc, r-devel-linux-x86_64-fedora-clang, r-devel-linux-x86_64-fedora-gcc, r-devel-windows-x86_64, r-patched-linux-x86_64