Last updated on 2022-07-01 11:52:07 CEST.
Flavor | Version | Tinstall | Tcheck | Ttotal | Status | Flags |
---|---|---|---|---|---|---|
r-devel-linux-x86_64-debian-clang | 0.1.0 | 30.15 | 281.80 | 311.95 | NOTE | |
r-devel-linux-x86_64-debian-gcc | 0.1.0 | 25.20 | 211.95 | 237.15 | NOTE | |
r-devel-linux-x86_64-fedora-clang | 0.1.0 | 379.86 | NOTE | |||
r-devel-linux-x86_64-fedora-gcc | 0.1.0 | 377.50 | NOTE | |||
r-devel-windows-x86_64 | 0.1.0 | 58.00 | 268.00 | 326.00 | NOTE | |
r-patched-linux-x86_64 | 0.1.0 | 27.04 | 272.69 | 299.73 | NOTE | |
r-release-linux-x86_64 | 0.1.0 | 28.62 | 270.87 | 299.49 | NOTE | |
r-release-macos-arm64 | 0.1.0 | 88.00 | NOTE | |||
r-release-macos-x86_64 | 0.1.0 | 174.00 | NOTE | |||
r-release-windows-x86_64 | 0.1.0 | 51.00 | 273.00 | 324.00 | NOTE | |
r-oldrel-macos-arm64 | 0.1.0 | 126.00 | NOTE | |||
r-oldrel-macos-x86_64 | 0.1.0 | 169.00 | NOTE | |||
r-oldrel-windows-ix86+x86_64 | 0.1.0 | 64.00 | 275.00 | 339.00 | NOTE |
Version: 0.1.0
Check: LazyData
Result: NOTE
'LazyData' is specified without a 'data' directory
Flavors: r-devel-linux-x86_64-debian-clang, r-devel-linux-x86_64-debian-gcc, r-devel-linux-x86_64-fedora-clang, r-devel-linux-x86_64-fedora-gcc, r-devel-windows-x86_64, r-patched-linux-x86_64, r-release-linux-x86_64, r-release-macos-arm64, r-release-macos-x86_64, r-release-windows-x86_64, r-oldrel-macos-arm64, r-oldrel-macos-x86_64, r-oldrel-windows-ix86+x86_64
Version: 0.1.0
Check: dependencies in R code
Result: NOTE
Namespace in Imports field not imported from: ‘intergraph’
All declared Imports should be used.
Flavors: r-devel-linux-x86_64-fedora-clang, r-devel-linux-x86_64-fedora-gcc, r-release-macos-arm64, r-release-macos-x86_64, r-oldrel-macos-arm64, r-oldrel-macos-x86_64