Last updated on 2025-05-13 10:51:24 CEST.
Flavor | Version | Tinstall | Tcheck | Ttotal | Status | Flags |
---|---|---|---|---|---|---|
r-devel-linux-x86_64-debian-clang | 0.0.4 | 11.66 | 70.74 | 82.40 | NOTE | |
r-devel-linux-x86_64-debian-gcc | 0.0.4 | 7.55 | 51.56 | 59.11 | NOTE | |
r-devel-linux-x86_64-fedora-clang | 0.0.4 | 129.92 | OK | |||
r-devel-linux-x86_64-fedora-gcc | 0.0.4 | 122.61 | OK | |||
r-devel-windows-x86_64 | 0.0.4 | 11.00 | 77.00 | 88.00 | OK | |
r-patched-linux-x86_64 | 0.0.4 | 10.71 | 67.61 | 78.32 | OK | |
r-release-linux-x86_64 | 0.0.4 | 10.82 | 66.88 | 77.70 | OK | |
r-release-macos-arm64 | 0.0.4 | 62.00 | OK | |||
r-release-macos-x86_64 | 0.0.4 | 98.00 | OK | |||
r-release-windows-x86_64 | 0.0.4 | 12.00 | 78.00 | 90.00 | OK | |
r-oldrel-macos-arm64 | 0.0.4 | 34.00 | OK | |||
r-oldrel-macos-x86_64 | 0.0.4 | 52.00 | OK | |||
r-oldrel-windows-x86_64 | 0.0.4 | 16.00 | 95.00 | 111.00 | OK |
Version: 0.0.4
Check: CRAN incoming feasibility
Result: NOTE
Maintainer: ‘John R. Stevens <john.r.stevens@usu.edu>’
No Authors@R field in DESCRIPTION.
Please add one, modifying
Authors@R: c(person(given = c("J.", "Conrad"),
family = "Stack",
role = "aut"),
person(given = c("John", "R."),
family = "Stevens",
role = "cre",
email = "john.r.stevens@usu.edu"))
as necessary.
Flavors: r-devel-linux-x86_64-debian-clang, r-devel-linux-x86_64-debian-gcc