CRAN Package Check Results for Package phuassess

Last updated on 2025-04-29 12:52:44 CEST.

Flavor Version Tinstall Tcheck Ttotal Status Flags
r-devel-linux-x86_64-debian-clang 1.1 1.65 21.01 22.66 NOTE
r-devel-linux-x86_64-debian-gcc 1.1 1.43 16.32 17.75 NOTE
r-devel-linux-x86_64-fedora-clang 1.1 35.58 OK
r-devel-linux-x86_64-fedora-gcc 1.1 34.01 OK
r-devel-windows-x86_64 1.1 2.00 42.00 44.00 OK
r-patched-linux-x86_64 1.1 1.66 19.91 21.57 OK
r-release-linux-x86_64 1.1 1.77 20.23 22.00 OK
r-release-macos-arm64 1.1 17.00 OK
r-release-macos-x86_64 1.1 33.00 OK
r-release-windows-x86_64 1.1 3.00 45.00 48.00 OK
r-oldrel-macos-arm64 1.1 16.00 OK
r-oldrel-macos-x86_64 1.1 31.00 OK
r-oldrel-windows-x86_64 1.1 3.00 40.00 43.00 OK

Check Details

Version: 1.1
Check: CRAN incoming feasibility
Result: NOTE Maintainer: ‘Caterina Pisani <caterina.pisani@unisi.it>’ No Authors@R field in DESCRIPTION. Please add one, modifying Authors@R: person(given = "Caterina", family = "Pisani", role = c("aut", "cre"), email = "caterina.pisani@unisi.it") as necessary. Flavors: r-devel-linux-x86_64-debian-clang, r-devel-linux-x86_64-debian-gcc