CRAN Package Check Results for Package phrases

Last updated on 2024-04-18 12:52:54 CEST.

Flavor Version Tinstall Tcheck Ttotal Status Flags
r-devel-linux-x86_64-debian-clang 0.1 2.36 19.53 21.89 OK
r-devel-linux-x86_64-debian-gcc 0.1 1.86 15.41 17.27 OK
r-devel-linux-x86_64-fedora-clang 0.1 28.49 NOTE
r-devel-linux-x86_64-fedora-gcc 0.1 26.72 NOTE
r-prerel-macos-arm64 0.1 14.00 OK
r-prerel-windows-x86_64 0.1 4.00 37.00 41.00 OK
r-patched-linux-x86_64 0.1 1.69 18.84 20.53 OK
r-release-linux-x86_64 0.1 1.61 19.44 21.05 OK
r-release-macos-arm64 0.1 16.00 OK
r-release-macos-x86_64 0.1 21.00 OK
r-release-windows-x86_64 0.1 5.00 36.00 41.00 OK
r-oldrel-macos-arm64 0.1 17.00 OK
r-oldrel-windows-x86_64 0.1 4.00 42.00 46.00 OK

Check Details

Version: 0.1
Check: dependencies in R code
Result: NOTE Namespaces in Imports field not imported from: ‘tidyverse’ ‘usethis’ All declared Imports should be used. Flavors: r-devel-linux-x86_64-fedora-clang, r-devel-linux-x86_64-fedora-gcc