CRAN Package Check Results for Package phrases

Last updated on 2025-06-27 12:07:36 CEST.

Flavor Version Tinstall Tcheck Ttotal Status Flags
r-devel-linux-x86_64-debian-clang 0.1 1.86 17.35 19.21 OK
r-devel-linux-x86_64-debian-gcc 0.1 1.51 14.71 16.22 OK
r-devel-linux-x86_64-fedora-clang 0.1 28.05 NOTE
r-devel-linux-x86_64-fedora-gcc 0.1 25.38 NOTE
r-devel-windows-x86_64 0.1 4.00 38.00 42.00 OK
r-patched-linux-x86_64 OK
r-release-linux-x86_64 0.1 1.91 15.36 17.27 OK
r-release-macos-arm64 0.1 28.00 OK
r-release-macos-x86_64 0.1 28.00 OK
r-release-windows-x86_64 0.1 3.00 38.00 41.00 OK
r-oldrel-macos-arm64 0.1 14.00 OK
r-oldrel-macos-x86_64 0.1 18.00 OK
r-oldrel-windows-x86_64 0.1 4.00 47.00 51.00 OK

Check Details

Version: 0.1
Check: dependencies in R code
Result: NOTE Namespaces in Imports field not imported from: ‘tidyverse’ ‘usethis’ All declared Imports should be used. Flavors: r-devel-linux-x86_64-fedora-clang, r-devel-linux-x86_64-fedora-gcc