Last updated on 2025-04-29 12:52:44 CEST.
Flavor | Version | Tinstall | Tcheck | Ttotal | Status | Flags |
---|---|---|---|---|---|---|
r-devel-linux-x86_64-debian-clang | 1.0.1 | 1.95 | 21.84 | 23.79 | NOTE | |
r-devel-linux-x86_64-debian-gcc | 1.0.1 | 1.57 | 16.94 | 18.51 | NOTE | |
r-devel-linux-x86_64-fedora-clang | 1.0.1 | 37.16 | OK | |||
r-devel-linux-x86_64-fedora-gcc | 1.0.1 | 36.80 | OK | |||
r-devel-windows-x86_64 | 1.0.1 | 3.00 | 51.00 | 54.00 | OK | |
r-patched-linux-x86_64 | 1.0.1 | 2.39 | 20.43 | 22.82 | OK | |
r-release-linux-x86_64 | 1.0.1 | 2.02 | 20.75 | 22.77 | OK | |
r-release-macos-arm64 | 1.0.1 | 18.00 | OK | |||
r-release-macos-x86_64 | 1.0.1 | 25.00 | OK | |||
r-release-windows-x86_64 | 1.0.1 | 4.00 | 55.00 | 59.00 | OK | |
r-oldrel-macos-arm64 | 1.0.1 | 16.00 | OK | |||
r-oldrel-macos-x86_64 | 1.0.1 | 22.00 | OK | |||
r-oldrel-windows-x86_64 | 1.0.1 | 3.00 | 47.00 | 50.00 | OK |
Version: 1.0.1
Check: CRAN incoming feasibility
Result: NOTE
Maintainer: ‘Ursula Neumann <ursula.neumann@uni-marburg.de>’
No Authors@R field in DESCRIPTION.
Please add one, modifying
Authors@R: c(person(given = "Nikolas",
family = "Rothe",
role = "aut"),
person(given = "Ursula",
family = "Neumann",
role = c("aut", "cre"),
email = "ursula.neumann@uni-marburg.de"))
as necessary.
Flavors: r-devel-linux-x86_64-debian-clang, r-devel-linux-x86_64-debian-gcc