Last updated on 2022-07-04 12:54:17 CEST.
Flavor | Version | Tinstall | Tcheck | Ttotal | Status | Flags |
---|---|---|---|---|---|---|
r-devel-linux-x86_64-debian-clang | 2.4.2 | 29.27 | 271.31 | 300.58 | OK | |
r-devel-linux-x86_64-debian-gcc | 2.4.2 | 28.02 | 198.29 | 226.31 | OK | |
r-devel-linux-x86_64-fedora-clang | 2.4.2 | 360.18 | WARN | |||
r-devel-linux-x86_64-fedora-gcc | 2.4.2 | 366.04 | WARN | |||
r-devel-windows-x86_64 | 2.4.2 | 64.00 | 268.00 | 332.00 | OK | |
r-patched-linux-x86_64 | 2.4.2 | 33.39 | 261.31 | 294.70 | OK | |
r-release-linux-x86_64 | 2.4.2 | 30.17 | 260.98 | 291.15 | OK | |
r-release-macos-arm64 | 2.4.2 | 76.00 | OK | |||
r-release-macos-x86_64 | 2.4.2 | 128.00 | OK | |||
r-release-windows-x86_64 | 2.4.2 | 60.00 | 270.00 | 330.00 | OK | |
r-oldrel-macos-arm64 | 2.4.2 | 46.00 | OK | |||
r-oldrel-macos-x86_64 | 2.4.2 | 73.00 | OK | |||
r-oldrel-windows-ix86+x86_64 | 2.4.2 | 69.00 | 270.00 | 339.00 | OK |
Version: 2.4.2
Check: package dependencies
Result: WARN
Requires orphaned package: ‘gtools’
Flavors: r-devel-linux-x86_64-fedora-clang, r-devel-linux-x86_64-fedora-gcc