CRAN Package Check Results for Package phenocamr

Last updated on 2022-06-27 11:50:50 CEST.

Flavor Version Tinstall Tcheck Ttotal Status Flags
r-devel-linux-x86_64-debian-clang 1.1.4 5.18 194.43 199.61 NOTE
r-devel-linux-x86_64-debian-gcc 1.1.4 3.65 143.51 147.16 NOTE
r-devel-linux-x86_64-fedora-clang 1.1.4 243.24 NOTE
r-devel-linux-x86_64-fedora-gcc 1.1.4 243.84 NOTE
r-devel-windows-x86_64 1.1.4 35.00 242.00 277.00 NOTE
r-patched-linux-x86_64 1.1.4 4.19 186.61 190.80 NOTE
r-release-linux-x86_64 1.1.4 4.38 191.59 195.97 NOTE
r-release-macos-arm64 1.1.4 104.00 NOTE
r-release-macos-x86_64 1.1.4 143.00 NOTE
r-release-windows-x86_64 1.1.4 34.00 249.00 283.00 NOTE
r-oldrel-macos-arm64 1.1.4 108.00 NOTE
r-oldrel-macos-x86_64 1.1.4 1803.00 NOTE
r-oldrel-windows-ix86+x86_64 1.1.4 10.00 258.00 268.00 NOTE

Check Details

Version: 1.1.4
Check: LazyData
Result: NOTE
     'LazyData' is specified without a 'data' directory
Flavors: r-devel-linux-x86_64-debian-clang, r-devel-linux-x86_64-debian-gcc, r-devel-linux-x86_64-fedora-clang, r-devel-linux-x86_64-fedora-gcc, r-devel-windows-x86_64, r-patched-linux-x86_64, r-release-linux-x86_64, r-release-macos-arm64, r-release-macos-x86_64, r-release-windows-x86_64, r-oldrel-macos-arm64, r-oldrel-macos-x86_64, r-oldrel-windows-ix86+x86_64

Version: 1.1.4
Check: dependencies in R code
Result: NOTE
    Namespaces in Imports field not imported from:
     ‘jsonlite’ ‘memoise’
     All declared Imports should be used.
Flavors: r-devel-linux-x86_64-fedora-clang, r-devel-linux-x86_64-fedora-gcc, r-release-macos-arm64, r-release-macos-x86_64, r-oldrel-macos-arm64, r-oldrel-macos-x86_64